Last updated on 2020-01-27 00:48:16 CET.
Flavor | Version | Tinstall | Tcheck | Ttotal | Status | Flags |
---|---|---|---|---|---|---|
r-devel-linux-x86_64-debian-clang | 0.3.6 | 7.44 | 514.69 | 522.13 | OK | |
r-devel-linux-x86_64-debian-gcc | 0.3.6 | 7.67 | 415.26 | 422.93 | OK | |
r-devel-linux-x86_64-fedora-clang | 0.3.6 | 570.48 | OK | |||
r-devel-linux-x86_64-fedora-gcc | 0.3.6 | 549.94 | OK | |||
r-devel-windows-ix86+x86_64 | 0.3.6 | 21.00 | 525.00 | 546.00 | OK | |
r-devel-windows-ix86+x86_64-gcc8 | 0.3.6 | 20.00 | 423.00 | 443.00 | OK | |
r-patched-linux-x86_64 | 0.3.6 | 8.40 | 421.94 | 430.34 | OK | |
r-patched-solaris-x86 | 0.3.6 | 739.60 | OK | |||
r-release-linux-x86_64 | 0.3.6 | 6.93 | 418.05 | 424.98 | OK | |
r-release-windows-ix86+x86_64 | 0.3.6 | 13.00 | 392.00 | 405.00 | OK | |
r-release-osx-x86_64 | 0.3.6 | OK | ||||
r-oldrel-windows-ix86+x86_64 | 0.3.6 | 6.00 | 364.00 | 370.00 | OK | |
r-oldrel-osx-x86_64 | 0.3.6 | ERROR |
Version: 0.3.6
Check: tests
Result: ERROR
Running ‘testthat.R’ [339s/240s]
Running the tests in ‘tests/testthat.R’ failed.
Last 13 lines of output:
> testthat::test_check("pulsar")
── 1. Error: Job continues when subset of parallel jobs have errors/warnings (@t
2 jobs failed with: "NA detected in data"
Backtrace:
1. testthat::expect_warning(...)
9. pulsar::pulsar(...)
10. pulsar:::.try_mclapply(...)
══ testthat results ═══════════════════════════════════════════════════════════
[ OK: 315 | SKIPPED: 0 | WARNINGS: 0 | FAILED: 1 ]
1. Error: Job continues when subset of parallel jobs have errors/warnings (@test_errorreporting.R#76)
Error: testthat unit tests failed
Execution halted
Flavor: r-oldrel-osx-x86_64