CRAN Package Check Results for Package pubh

Last updated on 2020-01-27 00:48:16 CET.

Flavor Version Tinstall Tcheck Ttotal Status Flags
r-devel-linux-x86_64-debian-clang 1.1.3 8.62 181.82 190.44 OK
r-devel-linux-x86_64-debian-gcc 1.1.3 6.24 133.49 139.73 OK
r-devel-linux-x86_64-fedora-clang 1.1.3 217.77 NOTE
r-devel-linux-x86_64-fedora-gcc 1.1.3 223.35 NOTE
r-devel-windows-ix86+x86_64 1.1.3 47.00 273.00 320.00 OK
r-devel-windows-ix86+x86_64-gcc8 1.1.3 55.00 193.00 248.00 OK
r-patched-linux-x86_64 1.1.3 6.94 161.63 168.57 OK
r-patched-solaris-x86 1.1.3 299.90 NOTE
r-release-linux-x86_64 1.1.3 7.06 158.50 165.56 OK
r-release-windows-ix86+x86_64 1.1.3 19.00 194.00 213.00 OK
r-release-osx-x86_64 1.1.3 NOTE
r-oldrel-windows-ix86+x86_64 0.4.3 10.00 108.00 118.00 OK
r-oldrel-osx-x86_64 1.1.3 ERROR

Check Details

Version: 1.1.3
Check: dependencies in R code
Result: NOTE
    Namespaces in Imports field not imported from:
     ‘Hmisc’ ‘dplyr’
     All declared Imports should be used.
Flavors: r-devel-linux-x86_64-fedora-clang, r-devel-linux-x86_64-fedora-gcc, r-patched-solaris-x86, r-release-osx-x86_64

Version: 1.1.3
Check: whether package can be installed
Result: ERROR
    Installation failed.
Flavor: r-oldrel-osx-x86_64