CRAN Package Check Results for Package prettyR

Last updated on 2020-01-27 00:48:13 CET.

Flavor Version Tinstall Tcheck Ttotal Status Flags
r-devel-linux-x86_64-debian-clang 2.2-3 4.01 26.16 30.17 NOTE
r-devel-linux-x86_64-debian-gcc 2.2-3 2.88 20.90 23.78 NOTE
r-devel-linux-x86_64-fedora-clang 2.2-3 38.04 NOTE
r-devel-linux-x86_64-fedora-gcc 2.2-3 36.02 NOTE
r-devel-windows-ix86+x86_64 2.2-3 11.00 54.00 65.00 OK
r-devel-windows-ix86+x86_64-gcc8 2.2-3 8.00 51.00 59.00 OK
r-patched-linux-x86_64 2.2-3 2.98 24.33 27.31 OK
r-patched-solaris-x86 2.2-3 46.70 OK
r-release-linux-x86_64 2.2-3 2.36 24.58 26.94 OK
r-release-windows-ix86+x86_64 2.2-3 8.00 173.00 181.00 OK
r-release-osx-x86_64 2.2-3 OK
r-oldrel-windows-ix86+x86_64 2.2-3 4.00 32.00 36.00 OK
r-oldrel-osx-x86_64 2.2-3 OK

Check Details

Version: 2.2-3
Check: for non-standard things in the check directory
Result: NOTE
    Found the following files/directories:
     'hista.png' 'plotcd.png' 'test.R' 'test.html' 'testR2html.R'
     'testglm.csv' 'testglm.html' 'testglm.tab'
Flavors: r-devel-linux-x86_64-debian-clang, r-devel-linux-x86_64-debian-gcc, r-devel-linux-x86_64-fedora-clang, r-devel-linux-x86_64-fedora-gcc