CRAN Package Check Results for Package prclust

Last updated on 2020-01-27 00:48:13 CET.

Flavor Version Tinstall Tcheck Ttotal Status Flags
r-devel-linux-x86_64-debian-clang 1.3 19.73 25.74 45.47 OK
r-devel-linux-x86_64-debian-gcc 1.3 15.09 20.54 35.63 OK
r-devel-linux-x86_64-fedora-clang 1.3 64.41 NOTE
r-devel-linux-x86_64-fedora-gcc 1.3 61.11 NOTE
r-devel-windows-ix86+x86_64 1.3 57.00 86.00 143.00 OK
r-devel-windows-ix86+x86_64-gcc8 1.3 58.00 68.00 126.00 OK
r-patched-linux-x86_64 1.3 15.92 23.36 39.28 OK
r-patched-solaris-x86 1.3 68.30 OK
r-release-linux-x86_64 1.3 15.71 23.82 39.53 OK
r-release-windows-ix86+x86_64 1.3 33.00 59.00 92.00 OK
r-release-osx-x86_64 1.3 OK
r-oldrel-windows-ix86+x86_64 1.3 36.00 76.00 112.00 OK
r-oldrel-osx-x86_64 1.3 OK

Check Details

Version: 1.3
Check: compiled code
Result: NOTE
    File ‘prclust/libs/prclust.so’:
     Found no calls to: ‘R_registerRoutines’, ‘R_useDynamicSymbols’
    
    It is good practice to register native routines and to disable symbol
    search.
    
    See ‘Writing portable packages’ in the ‘Writing R Extensions’ manual.
Flavors: r-devel-linux-x86_64-fedora-clang, r-devel-linux-x86_64-fedora-gcc