CRAN Package Check Results for Package poplite

Last updated on 2020-01-27 00:48:13 CET.

Flavor Version Tinstall Tcheck Ttotal Status Flags
r-devel-linux-x86_64-debian-clang 0.99.23 8.50 100.21 108.71 OK
r-devel-linux-x86_64-debian-gcc 0.99.23 7.74 75.18 82.92 OK
r-devel-linux-x86_64-fedora-clang 0.99.23 135.20 OK
r-devel-linux-x86_64-fedora-gcc 0.99.23 131.59 OK
r-devel-windows-ix86+x86_64 0.99.23 28.00 170.00 198.00 OK
r-devel-windows-ix86+x86_64-gcc8 0.99.23 27.00 124.00 151.00 OK
r-patched-linux-x86_64 0.99.23 6.20 85.06 91.26 OK
r-patched-solaris-x86 0.99.23 167.70 OK
r-release-linux-x86_64 0.99.23 7.05 84.22 91.27 OK
r-release-windows-ix86+x86_64 0.99.23 15.00 112.00 127.00 OK
r-release-osx-x86_64 0.99.23 NOTE
r-oldrel-windows-ix86+x86_64 0.99.23 10.00 153.00 163.00 OK
r-oldrel-osx-x86_64 0.99.23 NOTE

Check Details

Version: 0.99.23
Check: package dependencies
Result: NOTE
    Package suggested but not available for checking: ‘VariantAnnotation’
Flavors: r-release-osx-x86_64, r-oldrel-osx-x86_64