CRAN Package Check Results for Package poio

Last updated on 2020-01-27 00:48:12 CET.

Flavor Version Tinstall Tcheck Ttotal Status Flags
r-devel-linux-x86_64-debian-clang 0.0-3 9.80 70.36 80.16 OK
r-devel-linux-x86_64-debian-gcc 0.0-3 8.32 53.48 61.80 OK
r-devel-linux-x86_64-fedora-clang 0.0-3 101.52 NOTE
r-devel-linux-x86_64-fedora-gcc 0.0-3 94.92 NOTE
r-devel-windows-ix86+x86_64 0.0-3 40.00 162.00 202.00 OK
r-devel-windows-ix86+x86_64-gcc8 0.0-3 43.00 114.00 157.00 OK
r-patched-linux-x86_64 0.0-3 9.07 63.81 72.88 OK
r-patched-solaris-x86 0.0-3 117.40 NOTE
r-release-linux-x86_64 0.0-3 8.54 62.87 71.41 OK
r-release-windows-ix86+x86_64 0.0-3 19.00 94.00 113.00 OK
r-release-osx-x86_64 0.0-3 NOTE
r-oldrel-windows-ix86+x86_64 0.0-3 15.00 141.00 156.00 OK
r-oldrel-osx-x86_64 0.0-3 NOTE

Check Details

Version: 0.0-3
Check: data for non-ASCII characters
Result: NOTE
     Note: found 8 marked UTF-8 strings
Flavors: r-devel-linux-x86_64-fedora-clang, r-devel-linux-x86_64-fedora-gcc, r-patched-solaris-x86, r-release-osx-x86_64, r-oldrel-osx-x86_64