Last updated on 2020-01-27 00:48:12 CET.
Flavor | Version | Tinstall | Tcheck | Ttotal | Status | Flags |
---|---|---|---|---|---|---|
r-devel-linux-x86_64-debian-clang | 0.1-7 | 2.80 | 17.01 | 19.81 | OK | |
r-devel-linux-x86_64-debian-gcc | 0.1-7 | 1.87 | 13.86 | 15.73 | OK | |
r-devel-linux-x86_64-fedora-clang | 0.1-7 | 26.57 | NOTE | |||
r-devel-linux-x86_64-fedora-gcc | 0.1-7 | 24.42 | NOTE | |||
r-devel-windows-ix86+x86_64 | 0.1-7 | 25.00 | 47.00 | 72.00 | OK | |
r-devel-windows-ix86+x86_64-gcc8 | 0.1-7 | 13.00 | 45.00 | 58.00 | OK | |
r-patched-linux-x86_64 | 0.1-7 | 1.88 | 15.90 | 17.78 | OK | |
r-patched-solaris-x86 | 0.1-7 | 37.60 | OK | |||
r-release-linux-x86_64 | 0.1-7 | 2.19 | 15.96 | 18.15 | OK | |
r-release-windows-ix86+x86_64 | 0.1-7 | 12.00 | 53.00 | 65.00 | OK | |
r-release-osx-x86_64 | 0.1-7 | OK | ||||
r-oldrel-windows-ix86+x86_64 | 0.1-7 | 9.00 | 31.00 | 40.00 | OK | |
r-oldrel-osx-x86_64 | 0.1-7 | OK |
Version: 0.1-7
Check: compiled code
Result: NOTE
File ‘png/libs/png.so’:
Found no calls to: ‘R_registerRoutines’, ‘R_useDynamicSymbols’
It is good practice to register native routines and to disable symbol
search.
See ‘Writing portable packages’ in the ‘Writing R Extensions’ manual.
Flavors: r-devel-linux-x86_64-fedora-clang, r-devel-linux-x86_64-fedora-gcc