CRAN Package Check Results for Package plotly

Last updated on 2020-01-27 00:48:12 CET.

Flavor Version Tinstall Tcheck Ttotal Status Flags
r-devel-linux-x86_64-debian-clang 4.9.1 16.32 276.98 293.30 OK
r-devel-linux-x86_64-debian-gcc 4.9.1 15.46 258.87 274.33 OK
r-devel-linux-x86_64-fedora-clang 4.9.1 309.28 NOTE
r-devel-linux-x86_64-fedora-gcc 4.9.1 288.73 OK
r-devel-windows-ix86+x86_64 4.9.1 47.00 319.00 366.00 NOTE
r-devel-windows-ix86+x86_64-gcc8 4.9.1 45.00 241.00 286.00 NOTE
r-patched-linux-x86_64 4.9.1 12.91 242.68 255.59 OK
r-patched-solaris-x86 4.9.1 324.60 NOTE
r-release-linux-x86_64 4.9.1 11.83 238.81 250.64 OK
r-release-windows-ix86+x86_64 4.9.1 29.00 204.00 233.00 NOTE
r-release-osx-x86_64 4.9.1 NOTE
r-oldrel-windows-ix86+x86_64 4.9.1 21.00 231.00 252.00 NOTE
r-oldrel-osx-x86_64 4.9.1 NOTE

Check Details

Version: 4.9.1
Check: installed package size
Result: NOTE
     installed size is 6.6Mb
     sub-directories of 1Mb or more:
     htmlwidgets 3.6Mb
Flavors: r-devel-linux-x86_64-fedora-clang, r-devel-windows-ix86+x86_64, r-devel-windows-ix86+x86_64-gcc8, r-patched-solaris-x86, r-release-windows-ix86+x86_64, r-release-osx-x86_64, r-oldrel-windows-ix86+x86_64, r-oldrel-osx-x86_64