CRAN Package Check Results for Package plotGMM

Last updated on 2020-01-27 00:48:12 CET.

Flavor Version Tinstall Tcheck Ttotal Status Flags
r-devel-linux-x86_64-debian-clang 0.2.1 2.17 33.56 35.73 OK
r-devel-linux-x86_64-debian-gcc 0.2.1 1.67 25.69 27.36 OK
r-devel-linux-x86_64-fedora-clang 0.2.1 44.69 NOTE
r-devel-linux-x86_64-fedora-gcc 0.2.1 42.18 NOTE
r-devel-windows-ix86+x86_64 0.2.1 7.00 67.00 74.00 OK
r-devel-windows-ix86+x86_64-gcc8 0.2.1 9.00 53.00 62.00 OK
r-patched-linux-x86_64 0.2.1 1.48 30.10 31.58 OK
r-patched-solaris-x86 0.2.1 58.70 NOTE
r-release-linux-x86_64 0.2.1 1.61 30.08 31.69 OK
r-release-windows-ix86+x86_64 0.2.1 5.00 51.00 56.00 OK
r-release-osx-x86_64 0.2.1 NOTE
r-oldrel-windows-ix86+x86_64 0.2.1 2.00 67.00 69.00 OK
r-oldrel-osx-x86_64 0.2.1 NOTE

Check Details

Version: 0.2.1
Check: dependencies in R code
Result: NOTE
    Namespace in Imports field not imported from: ‘graphics’
     All declared Imports should be used.
Flavors: r-devel-linux-x86_64-fedora-clang, r-devel-linux-x86_64-fedora-gcc, r-patched-solaris-x86, r-release-osx-x86_64, r-oldrel-osx-x86_64