Last updated on 2020-01-27 00:48:11 CET.
Flavor | Version | Tinstall | Tcheck | Ttotal | Status | Flags |
---|---|---|---|---|---|---|
r-devel-linux-x86_64-debian-clang | 1.6 | 108.98 | 64.28 | 173.26 | OK | |
r-devel-linux-x86_64-debian-gcc | 1.6 | 77.04 | 48.31 | 125.35 | OK | |
r-devel-linux-x86_64-fedora-clang | 1.6 | 249.41 | NOTE | |||
r-devel-linux-x86_64-fedora-gcc | 1.6 | 226.52 | NOTE | |||
r-devel-windows-ix86+x86_64 | 1.6 | 229.00 | 150.00 | 379.00 | OK | |
r-devel-windows-ix86+x86_64-gcc8 | 1.6 | 293.00 | 107.00 | 400.00 | OK | |
r-patched-linux-x86_64 | 1.6 | 86.75 | 56.87 | 143.62 | OK | |
r-patched-solaris-x86 | 1.6 | 229.10 | OK | |||
r-release-linux-x86_64 | 1.6 | 82.88 | 57.07 | 139.95 | OK | |
r-release-windows-ix86+x86_64 | 1.6 | 195.00 | 108.00 | 303.00 | OK | |
r-release-osx-x86_64 | 1.6 | NOTE | ||||
r-oldrel-windows-ix86+x86_64 | 1.6 | 157.00 | 96.00 | 253.00 | OK | |
r-oldrel-osx-x86_64 | 1.6 | OK |
Version: 1.6
Check: installed package size
Result: NOTE
installed size is 5.2Mb
sub-directories of 1Mb or more:
libs 4.6Mb
Flavors: r-devel-linux-x86_64-fedora-clang, r-release-osx-x86_64
Version: 1.6
Check: compiled code
Result: NOTE
File ‘planar/libs/planar.so’:
Found no calls to: ‘R_registerRoutines’, ‘R_useDynamicSymbols’
It is good practice to register native routines and to disable symbol
search.
See ‘Writing portable packages’ in the ‘Writing R Extensions’ manual.
Flavors: r-devel-linux-x86_64-fedora-clang, r-devel-linux-x86_64-fedora-gcc