Last updated on 2020-01-27 00:48:11 CET.
Flavor | Version | Tinstall | Tcheck | Ttotal | Status | Flags |
---|---|---|---|---|---|---|
r-devel-linux-x86_64-debian-clang | 0.4.0 | 10.13 | 88.30 | 98.43 | OK | |
r-devel-linux-x86_64-debian-gcc | 0.4.0 | 8.45 | 68.13 | 76.58 | OK | |
r-devel-linux-x86_64-fedora-clang | 0.4.0 | 123.02 | OK | |||
r-devel-linux-x86_64-fedora-gcc | 0.4.0 | 114.55 | OK | |||
r-devel-windows-ix86+x86_64 | 0.4.0 | 33.00 | 159.00 | 192.00 | WARN | |
r-devel-windows-ix86+x86_64-gcc8 | 0.4.0 | 31.00 | 106.00 | 137.00 | WARN | |
r-patched-linux-x86_64 | 0.4.0 | 8.82 | 76.47 | 85.29 | OK | |
r-patched-solaris-x86 | 0.4.0 | 132.70 | WARN | |||
r-release-linux-x86_64 | 0.4.0 | 8.87 | 76.74 | 85.61 | OK | |
r-release-windows-ix86+x86_64 | 0.4.0 | 14.00 | 98.00 | 112.00 | OK | |
r-release-osx-x86_64 | 0.4.0 | WARN | ||||
r-oldrel-windows-ix86+x86_64 | 0.4.0 | 12.00 | 92.00 | 104.00 | OK | |
r-oldrel-osx-x86_64 | 0.4.0 | WARN |
Version: 0.4.0
Check: re-building of vignette outputs
Result: WARN
Error(s) in re-building vignettes:
--- re-building 'pkgnet-intro.Rmd' using rmarkdown
* installing *source* package 'baseballstats' ...
** using staged installation
** R
** byte-compile and prepare package for lazy loading
** help
*** installing help indices
** building package indices
** testing if installed package can be loaded from temporary location
*** arch - i386
*** arch - x64
** testing if installed package can be loaded from final location
*** arch - i386
*** arch - x64
** testing if installed package keeps a record of temporary installation path
* DONE (baseballstats)
* installing *source* package 'sartre' ...
** using staged installation
** R
** byte-compile and prepare package for lazy loading
** help
*** installing help indices
** building package indices
** testing if installed package can be loaded from temporary location
*** arch - i386
*** arch - x64
** testing if installed package can be loaded from final location
*** arch - i386
*** arch - x64
** testing if installed package keeps a record of temporary installation path
* DONE (sartre)
* installing *source* package 'milne' ...
** using staged installation
** R
** byte-compile and prepare package for lazy loading
** help
*** installing help indices
** building package indices
** testing if installed package can be loaded from temporary location
*** arch - i386
*** arch - x64
** testing if installed package can be loaded from final location
*** arch - i386
*** arch - x64
** testing if installed package keeps a record of temporary installation path
* DONE (milne)
* installing *source* package 'pkgnet' ...
** package 'pkgnet' successfully unpacked and MD5 sums checked
** using staged installation
** R
** inst
** byte-compile and prepare package for lazy loading
** help
*** installing help indices
** building package indices
** installing vignettes
** testing if installed package can be loaded from temporary location
*** arch - i386
*** arch - x64
** testing if installed package can be loaded from final location
*** arch - i386
*** arch - x64
** testing if installed package keeps a record of temporary installation path
* DONE (pkgnet)
Warning: package 'baseballstats' is in use and will not be installed
Warning in file(con, "r") :
cannot open file 'D:/temp/RtmpQb2UV4/R_LIBS52c0450e3dfc/baseballstats/R/baseballstats': No such file or directory
Quitting from lines 202-221 (pkgnet-intro.Rmd)
Error: processing vignette 'pkgnet-intro.Rmd' failed with diagnostics:
cannot open the connection
--- failed re-building 'pkgnet-intro.Rmd'
--- re-building 'publishing-reports.Rmd' using rmarkdown
--- finished re-building 'publishing-reports.Rmd'
SUMMARY: processing the following file failed:
'pkgnet-intro.Rmd'
Error: Vignette re-building failed.
Execution halted
Flavor: r-devel-windows-ix86+x86_64
Version: 0.4.0
Check: re-building of vignette outputs
Result: WARN
Error(s) in re-building vignettes:
--- re-building 'pkgnet-intro.Rmd' using rmarkdown
* installing *source* package 'baseballstats' ...
** using staged installation
** R
** byte-compile and prepare package for lazy loading
** help
*** installing help indices
** building package indices
** testing if installed package can be loaded from temporary location
*** arch - i386
*** arch - x64
** testing if installed package can be loaded from final location
*** arch - i386
*** arch - x64
** testing if installed package keeps a record of temporary installation path
* DONE (baseballstats)
* installing *source* package 'sartre' ...
** using staged installation
** R
** byte-compile and prepare package for lazy loading
** help
*** installing help indices
** building package indices
** testing if installed package can be loaded from temporary location
*** arch - i386
*** arch - x64
** testing if installed package can be loaded from final location
*** arch - i386
*** arch - x64
** testing if installed package keeps a record of temporary installation path
* DONE (sartre)
* installing *source* package 'milne' ...
** using staged installation
** R
** byte-compile and prepare package for lazy loading
** help
*** installing help indices
** building package indices
** testing if installed package can be loaded from temporary location
*** arch - i386
*** arch - x64
** testing if installed package can be loaded from final location
*** arch - i386
*** arch - x64
** testing if installed package keeps a record of temporary installation path
* DONE (milne)
* installing *source* package 'pkgnet' ...
** package 'pkgnet' successfully unpacked and MD5 sums checked
** using staged installation
** R
** inst
** byte-compile and prepare package for lazy loading
** help
*** installing help indices
** building package indices
** installing vignettes
** testing if installed package can be loaded from temporary location
*** arch - i386
*** arch - x64
** testing if installed package can be loaded from final location
*** arch - i386
*** arch - x64
** testing if installed package keeps a record of temporary installation path
* DONE (pkgnet)
Warning: package 'baseballstats' is in use and will not be installed
Warning in file(con, "r") :
cannot open file 'D:/temp/Rtmpe2ldPP/R_LIBS1df5c5e4723d1/baseballstats/R/baseballstats': No such file or directory
Quitting from lines 202-221 (pkgnet-intro.Rmd)
Error: processing vignette 'pkgnet-intro.Rmd' failed with diagnostics:
cannot open the connection
--- failed re-building 'pkgnet-intro.Rmd'
--- re-building 'publishing-reports.Rmd' using rmarkdown
--- finished re-building 'publishing-reports.Rmd'
SUMMARY: processing the following file failed:
'pkgnet-intro.Rmd'
Error: Vignette re-building failed.
Execution halted
Flavor: r-devel-windows-ix86+x86_64-gcc8
Version: 0.4.0
Check: re-building of vignette outputs
Result: WARN
Error(s) in re-building vignettes:
...
--- re-building ‘pkgnet-intro.Rmd’ using rmarkdown
Warning in engine$weave(file, quiet = quiet, encoding = enc) :
Pandoc (>= 1.12.3) and/or pandoc-citeproc not available. Falling back to R Markdown v1.
* installing *source* package ‘baseballstats’ ...
** using staged installation
** R
** byte-compile and prepare package for lazy loading
** help
*** installing help indices
** building package indices
** testing if installed package can be loaded from temporary location
** testing if installed package can be loaded from final location
** testing if installed package keeps a record of temporary installation path
* DONE (baseballstats)
* installing *source* package ‘sartre’ ...
** using staged installation
** R
** byte-compile and prepare package for lazy loading
** help
*** installing help indices
** building package indices
** testing if installed package can be loaded from temporary location
** testing if installed package can be loaded from final location
** testing if installed package keeps a record of temporary installation path
* DONE (sartre)
* installing *source* package ‘milne’ ...
** using staged installation
** R
** byte-compile and prepare package for lazy loading
** help
*** installing help indices
** building package indices
** testing if installed package can be loaded from temporary location
** testing if installed package can be loaded from final location
** testing if installed package keeps a record of temporary installation path
* DONE (milne)
* installing *source* package ‘pkgnet’ ...
** package ‘pkgnet’ successfully unpacked and MD5 sums checked
** using staged installation
** R
** inst
** byte-compile and prepare package for lazy loading
** help
*** installing help indices
** building package indices
** installing vignettes
** testing if installed package can be loaded from temporary location
** testing if installed package can be loaded from final location
** testing if installed package keeps a record of temporary installation path
* DONE (pkgnet)
Quitting from lines 77-113 (pkgnet-intro.Rmd)
Error: processing vignette 'pkgnet-intro.Rmd' failed with diagnostics:
there is no package called 'webshot'
--- failed re-building ‘pkgnet-intro.Rmd’
--- re-building ‘publishing-reports.Rmd’ using rmarkdown
Warning in engine$weave(file, quiet = quiet, encoding = enc) :
Pandoc (>= 1.12.3) and/or pandoc-citeproc not available. Falling back to R Markdown v1.
--- finished re-building ‘publishing-reports.Rmd’
SUMMARY: processing the following file failed:
‘pkgnet-intro.Rmd’
Error: Vignette re-building failed.
Execution halted
Flavor: r-patched-solaris-x86
Version: 0.4.0
Check: re-building of vignette outputs
Result: WARN
Error(s) in re-building vignettes:
--- re-building ‘pkgnet-intro.Rmd’ using rmarkdown
Warning in engine$weave(file, quiet = quiet, encoding = enc) :
Pandoc (>= 1.12.3) and/or pandoc-citeproc not available. Falling back to R Markdown v1.
* installing *source* package ‘baseballstats’ ...
** using staged installation
** R
** byte-compile and prepare package for lazy loading
** help
*** installing help indices
** building package indices
** testing if installed package can be loaded from temporary location
** testing if installed package can be loaded from final location
** testing if installed package keeps a record of temporary installation path
* DONE (baseballstats)
* installing *source* package ‘sartre’ ...
** using staged installation
** R
** byte-compile and prepare package for lazy loading
** help
*** installing help indices
** building package indices
** testing if installed package can be loaded from temporary location
** testing if installed package can be loaded from final location
** testing if installed package keeps a record of temporary installation path
* DONE (sartre)
* installing *source* package ‘milne’ ...
** using staged installation
** R
** byte-compile and prepare package for lazy loading
** help
*** installing help indices
** building package indices
** testing if installed package can be loaded from temporary location
** testing if installed package can be loaded from final location
** testing if installed package keeps a record of temporary installation path
* DONE (milne)
* installing *source* package ‘pkgnet’ ...
** package ‘pkgnet’ successfully unpacked and MD5 sums checked
** using staged installation
** R
** inst
** byte-compile and prepare package for lazy loading
** help
*** installing help indices
** building package indices
** installing vignettes
** testing if installed package can be loaded from temporary location
** testing if installed package can be loaded from final location
** testing if installed package keeps a record of temporary installation path
* DONE (pkgnet)
PhantomJS not found. You can install it with webshot::install_phantomjs(). If it is installed, please make sure the phantomjs executable can be found via the PATH variable.
Quitting from lines 77-113 (pkgnet-intro.Rmd)
Error: processing vignette 'pkgnet-intro.Rmd' failed with diagnostics:
cannot open the connection
--- failed re-building ‘pkgnet-intro.Rmd’
--- re-building ‘publishing-reports.Rmd’ using rmarkdown
Warning in engine$weave(file, quiet = quiet, encoding = enc) :
Pandoc (>= 1.12.3) and/or pandoc-citeproc not available. Falling back to R Markdown v1.
--- finished re-building ‘publishing-reports.Rmd’
SUMMARY: processing the following file failed:
‘pkgnet-intro.Rmd’
Error: Vignette re-building failed.
Execution halted
Flavor: r-release-osx-x86_64
Version: 0.4.0
Check: re-building of vignette outputs
Result: WARN
Error in re-building vignettes:
...
* installing *source* package ‘milne’ ...
** R
** byte-compile and prepare package for lazy loading
** help
*** installing help indices
** building package indices
** testing if installed package can be loaded
* DONE (milne)
* installing *source* package ‘pkgnet’ ...
** package ‘pkgnet’ successfully unpacked and MD5 sums checked
** R
** inst
** byte-compile and prepare package for lazy loading
** help
*** installing help indices
** building package indices
** installing vignettes
** testing if installed package can be loaded
* DONE (pkgnet)
PhantomJS not found. You can install it with webshot::install_phantomjs(). If it is installed, please make sure the phantomjs executable can be found via the PATH variable.
Quitting from lines 77-113 (pkgnet-intro.Rmd)
Error: processing vignette 'pkgnet-intro.Rmd' failed with diagnostics:
cannot open the connection
Execution halted
Flavor: r-oldrel-osx-x86_64