CRAN Package Check Results for Package pgirmess

Last updated on 2020-01-27 00:48:11 CET.

Flavor Version Tinstall Tcheck Ttotal Status Flags
r-devel-linux-x86_64-debian-clang 1.6.9 12.35 111.77 124.12 NOTE
r-devel-linux-x86_64-debian-gcc 1.6.9 10.87 86.00 96.87 NOTE
r-devel-linux-x86_64-fedora-clang 1.6.9 150.50 NOTE
r-devel-linux-x86_64-fedora-gcc 1.6.9 148.77 NOTE
r-devel-windows-ix86+x86_64 1.6.9 42.00 210.00 252.00 OK
r-devel-windows-ix86+x86_64-gcc8 1.6.9 49.00 165.00 214.00 OK
r-patched-linux-x86_64 1.6.9 11.71 99.98 111.69 OK
r-patched-solaris-x86 1.6.9 202.20 OK
r-release-linux-x86_64 1.6.9 10.81 99.53 110.34 OK
r-release-windows-ix86+x86_64 1.6.9 25.00 156.00 181.00 OK
r-release-osx-x86_64 1.6.9 OK
r-oldrel-windows-ix86+x86_64 1.6.9 16.00 203.00 219.00 OK
r-oldrel-osx-x86_64 1.6.9 OK

Check Details

Version: 1.6.9
Check: for non-standard things in the check directory
Result: NOTE
    Found the following files/directories:
     'Myfile.txt'
Flavors: r-devel-linux-x86_64-debian-clang, r-devel-linux-x86_64-debian-gcc, r-devel-linux-x86_64-fedora-clang, r-devel-linux-x86_64-fedora-gcc