CRAN Package Check Results for Package perARMA

Last updated on 2020-01-27 00:48:11 CET.

Flavor Version Tinstall Tcheck Ttotal Status Flags
r-devel-linux-x86_64-debian-clang 1.6 8.05 45.48 53.53 NOTE
r-devel-linux-x86_64-debian-gcc 1.6 5.18 34.79 39.97 NOTE
r-devel-linux-x86_64-fedora-clang 1.6 62.50 NOTE
r-devel-linux-x86_64-fedora-gcc 1.6 61.58 NOTE
r-devel-windows-ix86+x86_64 1.6 12.00 80.00 92.00 OK
r-devel-windows-ix86+x86_64-gcc8 1.6 19.00 77.00 96.00 OK
r-patched-linux-x86_64 1.6 5.26 42.54 47.80 OK
r-patched-solaris-x86 1.6 74.60 OK
r-release-linux-x86_64 1.6 4.86 40.77 45.63 OK
r-release-windows-ix86+x86_64 1.6 10.00 48.00 58.00 OK
r-release-osx-x86_64 1.6 OK
r-oldrel-windows-ix86+x86_64 1.6 7.00 70.00 77.00 OK
r-oldrel-osx-x86_64 1.6 OK

Check Details

Version: 1.6
Check: for non-standard things in the check directory
Result: NOTE
    Found the following files/directories:
     'PARMA21del1_ident'
Flavors: r-devel-linux-x86_64-debian-clang, r-devel-linux-x86_64-debian-gcc, r-devel-linux-x86_64-fedora-clang, r-devel-linux-x86_64-fedora-gcc