Last updated on 2020-01-27 00:48:10 CET.
Flavor | Version | Tinstall | Tcheck | Ttotal | Status | Flags |
---|---|---|---|---|---|---|
r-devel-linux-x86_64-debian-clang | 0.2-8 | 148.43 | 45.49 | 193.92 | OK | |
r-devel-linux-x86_64-debian-gcc | 0.2-8 | 106.93 | 35.94 | 142.87 | OK | |
r-devel-linux-x86_64-fedora-clang | 0.2-8 | 263.85 | NOTE | |||
r-devel-linux-x86_64-fedora-gcc | 0.2-8 | 249.45 | OK | |||
r-devel-windows-ix86+x86_64 | 0.2-8 | 761.00 | 111.00 | 872.00 | NOTE | |
r-devel-windows-ix86+x86_64-gcc8 | 0.2-8 | 466.00 | 109.00 | 575.00 | NOTE | |
r-patched-linux-x86_64 | 0.2-8 | 119.79 | 41.68 | 161.47 | OK | |
r-patched-solaris-x86 | 0.2-8 | 254.70 | NOTE | |||
r-release-linux-x86_64 | 0.2-8 | 118.26 | 42.01 | 160.27 | OK | |
r-release-windows-ix86+x86_64 | 0.2-8 | 580.00 | 5.00 | 585.00 | ERROR | |
r-release-osx-x86_64 | 0.2-8 | ERROR | ||||
r-oldrel-windows-ix86+x86_64 | 0.2-7 | 347.00 | 67.00 | 414.00 | NOTE | |
r-oldrel-osx-x86_64 | 0.2-8 | ERROR |
Version: 0.2-8
Check: installed package size
Result: NOTE
installed size is 10.0Mb
sub-directories of 1Mb or more:
lib 9.6Mb
Flavors: r-devel-linux-x86_64-fedora-clang, r-devel-windows-ix86+x86_64, r-devel-windows-ix86+x86_64-gcc8, r-patched-solaris-x86
Version: 0.2-8
Check: whether package can be installed
Result: ERROR
Installation failed.
Flavor: r-release-windows-ix86+x86_64
Version: 0.2-8
Check: package dependencies
Result: ERROR
Package required but not available: ‘pbdMPI’
See section ‘The DESCRIPTION file’ in the ‘Writing R Extensions’
manual.
Flavors: r-release-osx-x86_64, r-oldrel-osx-x86_64
Version: 0.2-7
Check: installed package size
Result: NOTE
installed size is 10.5Mb
sub-directories of 1Mb or more:
lib 5.6Mb
libs 4.6Mb
Flavor: r-oldrel-windows-ix86+x86_64