Last updated on 2020-01-27 00:48:10 CET.
Flavor | Version | Tinstall | Tcheck | Ttotal | Status | Flags |
---|---|---|---|---|---|---|
r-devel-linux-x86_64-debian-clang | 0.4-0 | 8.53 | 34.82 | 43.35 | OK | |
r-devel-linux-x86_64-debian-gcc | 0.4-0 | 5.90 | 27.82 | 33.72 | OK | |
r-devel-linux-x86_64-fedora-clang | 0.4-0 | 56.16 | OK | |||
r-devel-linux-x86_64-fedora-gcc | 0.4-0 | 54.70 | OK | |||
r-devel-windows-ix86+x86_64 | 0.4-0 | 29.00 | 81.00 | 110.00 | OK | |
r-devel-windows-ix86+x86_64-gcc8 | 0.4-0 | 15.00 | 79.00 | 94.00 | OK | |
r-patched-linux-x86_64 | 0.4-0 | 5.75 | 32.05 | 37.80 | OK | |
r-patched-solaris-x86 | 0.4-0 | 64.30 | OK | |||
r-release-linux-x86_64 | 0.4-0 | 5.69 | 32.41 | 38.10 | OK | |
r-release-windows-ix86+x86_64 | 0.4-0 | 10.00 | 60.00 | 70.00 | OK | |
r-release-osx-x86_64 | 0.4-0 | ERROR | ||||
r-oldrel-windows-ix86+x86_64 | 0.3-1 | 11.00 | 57.00 | 68.00 | OK | |
r-oldrel-osx-x86_64 | 0.4-0 | ERROR |
Version: 0.4-0
Check: whether package can be installed
Result: ERROR
Installation failed.
Flavors: r-release-osx-x86_64, r-oldrel-osx-x86_64