Last updated on 2020-01-27 00:48:10 CET.
Flavor | Version | Tinstall | Tcheck | Ttotal | Status | Flags |
---|---|---|---|---|---|---|
r-devel-linux-x86_64-debian-clang | 0.4-2 | 19.52 | 69.89 | 89.41 | OK | |
r-devel-linux-x86_64-debian-gcc | 0.4-2 | 12.77 | 54.31 | 67.08 | OK | |
r-devel-linux-x86_64-fedora-clang | 0.4-2 | 108.41 | OK | |||
r-devel-linux-x86_64-fedora-gcc | 0.4-2 | 106.02 | OK | |||
r-devel-windows-ix86+x86_64 | 0.4-2 | 104.00 | 134.00 | 238.00 | OK | |
r-devel-windows-ix86+x86_64-gcc8 | 0.4-2 | 73.00 | 136.00 | 209.00 | OK | |
r-patched-linux-x86_64 | 0.4-2 | 13.68 | 63.40 | 77.08 | OK | |
r-patched-solaris-x86 | 0.4-2 | 132.30 | OK | |||
r-release-linux-x86_64 | 0.4-2 | 13.74 | 64.20 | 77.94 | OK | |
r-release-windows-ix86+x86_64 | 0.4-2 | 101.00 | 130.00 | 231.00 | OK | |
r-release-osx-x86_64 | 0.4-2 | ERROR | ||||
r-oldrel-windows-ix86+x86_64 | 0.4-2 | 95.00 | 89.00 | 184.00 | OK | |
r-oldrel-osx-x86_64 | 0.4-2 | ERROR |
Version: 0.4-2
Check: package dependencies
Result: NOTE
Package which this enhances but not available for checking: ‘pbdPROF’
Flavors: r-release-osx-x86_64, r-oldrel-osx-x86_64
Version: 0.4-2
Check: whether package can be installed
Result: ERROR
Installation failed.
Flavors: r-release-osx-x86_64, r-oldrel-osx-x86_64