CRAN Package Check Results for Package patternplot

Last updated on 2020-01-27 00:48:10 CET.

Flavor Version Tinstall Tcheck Ttotal Status Flags
r-devel-linux-x86_64-debian-clang 0.3.2 59.35 387.69 447.04 NOTE
r-devel-linux-x86_64-debian-gcc 0.3.2 38.96 244.17 283.13 NOTE
r-devel-linux-x86_64-fedora-clang 0.3.2 539.35 NOTE
r-devel-linux-x86_64-fedora-gcc 0.3.2 499.10 NOTE
r-devel-windows-ix86+x86_64 0.3.2 148.00 538.00 686.00 NOTE
r-devel-windows-ix86+x86_64-gcc8 0.3.2 156.00 429.00 585.00 NOTE
r-patched-linux-x86_64 0.3.2 47.73 352.80 400.53 NOTE
r-patched-solaris-x86 0.3.2 681.80 NOTE
r-release-linux-x86_64 0.3.2 44.50 355.61 400.11 NOTE
r-release-windows-ix86+x86_64 0.3.2 100.00 415.00 515.00 NOTE
r-release-osx-x86_64 0.3.2 NOTE
r-oldrel-windows-ix86+x86_64 0.3.2 95.00 424.00 519.00 NOTE
r-oldrel-osx-x86_64 0.3.2 NOTE

Check Details

Version: 0.3.2
Check: for GNU extensions in Makefiles
Result: NOTE
    GNU make is a SystemRequirements.
Flavors: r-devel-linux-x86_64-debian-clang, r-devel-linux-x86_64-debian-gcc, r-devel-linux-x86_64-fedora-clang, r-devel-linux-x86_64-fedora-gcc, r-devel-windows-ix86+x86_64, r-devel-windows-ix86+x86_64-gcc8, r-patched-linux-x86_64, r-patched-solaris-x86, r-release-linux-x86_64, r-release-windows-ix86+x86_64, r-release-osx-x86_64, r-oldrel-windows-ix86+x86_64, r-oldrel-osx-x86_64