CRAN Package Check Results for Package parcats

Last updated on 2020-01-27 00:48:10 CET.

Flavor Version Tinstall Tcheck Ttotal Status Flags
r-devel-linux-x86_64-debian-clang 0.0.1 15.29 123.86 139.15 OK
r-devel-linux-x86_64-debian-gcc 0.0.1 12.10 93.61 105.71 OK
r-devel-linux-x86_64-fedora-clang 0.0.1 162.66 NOTE
r-devel-linux-x86_64-fedora-gcc 0.0.1 160.14 NOTE
r-devel-windows-ix86+x86_64 0.0.1 58.00 179.00 237.00 OK
r-devel-windows-ix86+x86_64-gcc8 0.0.1 64.00 137.00 201.00 OK
r-patched-linux-x86_64 0.0.1 11.02 108.26 119.28 OK
r-patched-solaris-x86 0.0.1 220.40 NOTE
r-release-linux-x86_64 0.0.1 11.36 108.45 119.81 OK
r-release-windows-ix86+x86_64 0.0.1 23.00 110.00 133.00 OK
r-release-osx-x86_64 0.0.1 NOTE
r-oldrel-windows-ix86+x86_64 0.0.1 19.00 124.00 143.00 OK
r-oldrel-osx-x86_64 0.0.1 NOTE

Check Details

Version: 0.0.1
Check: dependencies in R code
Result: NOTE
    Namespaces in Imports field not imported from:
     ‘magrittr’ ‘tibble’
     All declared Imports should be used.
Flavors: r-devel-linux-x86_64-fedora-clang, r-devel-linux-x86_64-fedora-gcc, r-patched-solaris-x86, r-release-osx-x86_64, r-oldrel-osx-x86_64