CRAN Package Check Results for Package pamr

Last updated on 2020-01-27 00:48:10 CET.

Flavor Version Tinstall Tcheck Ttotal Status Flags
r-devel-linux-x86_64-debian-clang 1.56.1 8.92 72.47 81.39 OK
r-devel-linux-x86_64-debian-gcc 1.56.1 8.22 55.17 63.39 OK
r-devel-linux-x86_64-fedora-clang 1.56.1 97.61 NOTE
r-devel-linux-x86_64-fedora-gcc 1.56.1 96.75 NOTE
r-devel-windows-ix86+x86_64 1.56.1 25.00 149.00 174.00 OK
r-devel-windows-ix86+x86_64-gcc8 1.56.1 25.00 144.00 169.00 OK
r-patched-linux-x86_64 1.56.1 7.68 63.87 71.55 OK
r-patched-solaris-x86 1.56.1 131.40 OK
r-release-linux-x86_64 1.56.1 7.62 64.20 71.82 OK
r-release-windows-ix86+x86_64 1.56.1 16.00 136.00 152.00 OK
r-release-osx-x86_64 1.56.1 OK
r-oldrel-windows-ix86+x86_64 1.56.1 10.00 124.00 134.00 OK
r-oldrel-osx-x86_64 1.56.1 OK

Check Details

Version: 1.56.1
Check: compiled code
Result: NOTE
    File ‘pamr/libs/pamr.so’:
     Found no calls to: ‘R_registerRoutines’, ‘R_useDynamicSymbols’
    
    It is good practice to register native routines and to disable symbol
    search.
    
    See ‘Writing portable packages’ in the ‘Writing R Extensions’ manual.
Flavors: r-devel-linux-x86_64-fedora-clang, r-devel-linux-x86_64-fedora-gcc