Last updated on 2020-01-27 00:48:10 CET.
Flavor | Version | Tinstall | Tcheck | Ttotal | Status | Flags |
---|---|---|---|---|---|---|
r-devel-linux-x86_64-debian-clang | 0.1.2 | 8.00 | 85.62 | 93.62 | OK | |
r-devel-linux-x86_64-debian-gcc | 0.1.2 | 6.99 | 66.36 | 73.35 | OK | |
r-devel-linux-x86_64-fedora-clang | 0.1.2 | 107.21 | NOTE | |||
r-devel-linux-x86_64-fedora-gcc | 0.1.2 | 110.61 | OK | |||
r-devel-windows-ix86+x86_64 | 0.1.2 | 15.00 | 140.00 | 155.00 | OK | |
r-devel-windows-ix86+x86_64-gcc8 | 0.1.2 | 23.00 | 117.00 | 140.00 | OK | |
r-patched-linux-x86_64 | 0.1.2 | 6.49 | 77.14 | 83.63 | OK | |
r-patched-solaris-x86 | 0.1.2 | 116.50 | OK | |||
r-release-linux-x86_64 | 0.1.2 | 6.92 | 76.19 | 83.11 | OK | |
r-release-windows-ix86+x86_64 | 0.1.2 | 11.00 | 91.00 | 102.00 | OK | |
r-release-osx-x86_64 | 0.1.2 | OK | ||||
r-oldrel-windows-ix86+x86_64 | 0.1.2 | 10.00 | 75.00 | 85.00 | OK | |
r-oldrel-osx-x86_64 | 0.1.2 | OK |
Version: 0.1.2
Check: package dependencies
Result: NOTE
Imports includes 21 non-default packages.
Importing from so many packages makes the package vulnerable to any of
them becoming unavailable. Move as many as possible to Suggests and
use conditionally.
Flavor: r-devel-linux-x86_64-fedora-clang