CRAN Package Check Results for Package packMBPLSDA

Last updated on 2020-01-27 00:48:10 CET.

Flavor Version Tinstall Tcheck Ttotal Status Flags
r-devel-linux-x86_64-debian-clang 0.6 14.66 82.76 97.42 NOTE
r-devel-linux-x86_64-debian-gcc 0.6 11.33 61.20 72.53 NOTE
r-devel-linux-x86_64-fedora-clang 0.6 111.90 NOTE
r-devel-linux-x86_64-fedora-gcc 0.6 109.94 NOTE
r-devel-windows-ix86+x86_64 0.6 34.00 157.00 191.00 OK
r-devel-windows-ix86+x86_64-gcc8 0.6 35.00 123.00 158.00 OK
r-patched-linux-x86_64 0.6 12.12 71.00 83.12 OK
r-patched-solaris-x86 0.6 172.10 OK
r-release-linux-x86_64 0.6 11.64 70.80 82.44 OK
r-release-windows-ix86+x86_64 0.6 22.00 105.00 127.00 OK
r-release-osx-x86_64 0.6 OK
r-oldrel-windows-ix86+x86_64 0.6 13.00 105.00 118.00 OK
r-oldrel-osx-x86_64 0.6 OK

Check Details

Version: 0.6
Check: for non-standard things in the check directory
Result: NOTE
    Found the following files/directories:
     'plotBoot_nf1_30rep.pdf' 'plotCVPred_nf1_30rep.pdf'
     'plotPred_nf1.pdf' 'plotTDim.pdf'
Flavors: r-devel-linux-x86_64-debian-clang, r-devel-linux-x86_64-debian-gcc, r-devel-linux-x86_64-fedora-clang, r-devel-linux-x86_64-fedora-gcc