CRAN Package Check Results for Package pa

Last updated on 2020-01-27 00:48:10 CET.

Flavor Version Tinstall Tcheck Ttotal Status Flags
r-devel-linux-x86_64-debian-clang 1.2-1 6.63 77.48 84.11 NOTE
r-devel-linux-x86_64-debian-gcc 1.2-1 5.81 59.55 65.36 NOTE
r-devel-linux-x86_64-fedora-clang 1.2-1 101.36 NOTE
r-devel-linux-x86_64-fedora-gcc 1.2-1 96.68 NOTE
r-devel-windows-ix86+x86_64 1.2-1 19.00 134.00 153.00 NOTE
r-devel-windows-ix86+x86_64-gcc8 1.2-1 30.00 107.00 137.00 NOTE
r-patched-linux-x86_64 1.2-1 5.32 68.24 73.56 NOTE
r-patched-solaris-x86 1.2-1 125.70 NOTE
r-release-linux-x86_64 1.2-1 4.79 68.41 73.20 NOTE
r-release-windows-ix86+x86_64 1.2-1 12.00 94.00 106.00 NOTE
r-release-osx-x86_64 1.2-1 NOTE
r-oldrel-windows-ix86+x86_64 1.2-1 9.00 83.00 92.00 NOTE
r-oldrel-osx-x86_64 1.2-1 NOTE

Check Details

Version: 1.2-1
Check: dependencies in R code
Result: NOTE
    Package in Depends field not imported from: 'grid'
     These packages need to be imported from (in the NAMESPACE file)
     for when this namespace is loaded but not attached.
Flavors: r-devel-linux-x86_64-debian-clang, r-devel-linux-x86_64-debian-gcc, r-devel-linux-x86_64-fedora-clang, r-devel-linux-x86_64-fedora-gcc, r-devel-windows-ix86+x86_64, r-devel-windows-ix86+x86_64-gcc8, r-patched-linux-x86_64, r-patched-solaris-x86, r-release-linux-x86_64, r-release-windows-ix86+x86_64, r-release-osx-x86_64, r-oldrel-windows-ix86+x86_64, r-oldrel-osx-x86_64

Version: 1.2-1
Check: R code for possible problems
Result: NOTE
    .formula.make: no visible global function definition for 'formula'
    regress: no visible global function definition for 'lm'
    regress: no visible global function definition for 'model.matrix'
    Undefined global functions or variables:
     formula lm model.matrix
    Consider adding
     importFrom("stats", "formula", "lm", "model.matrix")
    to your NAMESPACE file.
Flavors: r-devel-linux-x86_64-debian-clang, r-devel-linux-x86_64-debian-gcc, r-devel-linux-x86_64-fedora-clang, r-devel-linux-x86_64-fedora-gcc, r-devel-windows-ix86+x86_64, r-devel-windows-ix86+x86_64-gcc8, r-patched-linux-x86_64, r-patched-solaris-x86, r-release-linux-x86_64, r-release-windows-ix86+x86_64, r-release-osx-x86_64, r-oldrel-windows-ix86+x86_64, r-oldrel-osx-x86_64