CRAN Package Check Results for Package ozmaps

Last updated on 2020-01-27 00:48:10 CET.

Flavor Version Tinstall Tcheck Ttotal Status Flags
r-devel-linux-x86_64-debian-clang 0.3.0 4.46 40.06 44.52 OK
r-devel-linux-x86_64-debian-gcc 0.3.0 3.47 31.68 35.15 OK
r-devel-linux-x86_64-fedora-clang 0.3.0 54.67 NOTE
r-devel-linux-x86_64-fedora-gcc 0.3.0 53.28 OK
r-devel-windows-ix86+x86_64 0.3.0 9.00 69.00 78.00 NOTE
r-devel-windows-ix86+x86_64-gcc8 0.3.0 15.00 58.00 73.00 NOTE
r-patched-linux-x86_64 0.3.0 3.82 36.20 40.02 OK
r-patched-solaris-x86 0.3.0 72.40 NOTE
r-release-linux-x86_64 0.3.0 3.98 36.10 40.08 OK
r-release-windows-ix86+x86_64 0.3.0 8.00 48.00 56.00 NOTE
r-release-osx-x86_64 0.3.0 NOTE
r-oldrel-windows-ix86+x86_64 0.3.0 5.00 53.00 58.00 NOTE
r-oldrel-osx-x86_64 0.3.0 NOTE

Check Details

Version: 0.3.0
Check: installed package size
Result: NOTE
     installed size is 6.8Mb
     sub-directories of 1Mb or more:
     data 5.7Mb
Flavors: r-devel-linux-x86_64-fedora-clang, r-devel-windows-ix86+x86_64, r-devel-windows-ix86+x86_64-gcc8, r-patched-solaris-x86, r-release-windows-ix86+x86_64, r-release-osx-x86_64, r-oldrel-windows-ix86+x86_64, r-oldrel-osx-x86_64