CRAN Package Check Results for Package outliertree

Last updated on 2020-01-27 00:48:10 CET.

Flavor Version Tinstall Tcheck Ttotal Status Flags
r-devel-linux-x86_64-debian-clang 1.1.3 57.87 30.68 88.55 OK
r-devel-linux-x86_64-debian-gcc 1.1.3 50.34 23.87 74.21 OK
r-devel-linux-x86_64-fedora-clang 1.1.3 123.57 NOTE
r-devel-linux-x86_64-fedora-gcc 1.1.3 126.55 OK
r-devel-windows-ix86+x86_64 1.1.3 135.00 94.00 229.00 OK
r-devel-windows-ix86+x86_64-gcc8 1.1.3 145.00 89.00 234.00 OK
r-patched-linux-x86_64 1.1.3 52.26 27.40 79.66 OK
r-patched-solaris-x86 1.1.3 122.90 OK
r-release-linux-x86_64 1.1.3 53.34 27.38 80.72 OK
r-release-windows-ix86+x86_64 1.1.3 105.00 65.00 170.00 OK
r-release-osx-x86_64 1.1.3 NOTE
r-oldrel-windows-ix86+x86_64 1.1.3 104.00 57.00 161.00 OK
r-oldrel-osx-x86_64 1.1.3 NOTE

Check Details

Version: 1.1.3
Check: installed package size
Result: NOTE
     installed size is 6.1Mb
     sub-directories of 1Mb or more:
     libs 5.9Mb
Flavors: r-devel-linux-x86_64-fedora-clang, r-release-osx-x86_64, r-oldrel-osx-x86_64