CRAN Package Check Results for Package osmplotr

Last updated on 2020-01-27 00:48:10 CET.

Flavor Version Tinstall Tcheck Ttotal Status Flags
r-devel-linux-x86_64-debian-clang 0.3.2 14.85 264.64 279.49 OK
r-devel-linux-x86_64-debian-gcc 0.3.2 13.59 195.38 208.97 OK
r-devel-linux-x86_64-fedora-clang 0.3.2 322.84 NOTE
r-devel-linux-x86_64-fedora-gcc 0.3.2 334.56 OK
r-devel-windows-ix86+x86_64 0.3.2 48.00 346.00 394.00 NOTE
r-devel-windows-ix86+x86_64-gcc8 0.3.2 49.00 285.00 334.00 NOTE
r-patched-linux-x86_64 0.3.2 12.60 234.26 246.86 OK
r-patched-solaris-x86 0.3.2 431.50 NOTE
r-release-linux-x86_64 0.3.2 13.63 234.02 247.65 OK
r-release-windows-ix86+x86_64 0.3.2 26.00 239.00 265.00 NOTE
r-release-osx-x86_64 0.3.2 NOTE
r-oldrel-windows-ix86+x86_64 0.3.2 19.00 235.00 254.00 NOTE
r-oldrel-osx-x86_64 0.3.2 NOTE

Check Details

Version: 0.3.2
Check: installed package size
Result: NOTE
     installed size is 8.1Mb
     sub-directories of 1Mb or more:
     doc 7.2Mb
Flavors: r-devel-linux-x86_64-fedora-clang, r-devel-windows-ix86+x86_64, r-devel-windows-ix86+x86_64-gcc8, r-patched-solaris-x86, r-release-windows-ix86+x86_64, r-release-osx-x86_64, r-oldrel-windows-ix86+x86_64, r-oldrel-osx-x86_64