CRAN Package Check Results for Package ordinalClust

Last updated on 2020-01-27 00:48:10 CET.

Flavor Version Tinstall Tcheck Ttotal Status Flags
r-devel-linux-x86_64-debian-clang 1.3.4 179.06 62.54 241.60 OK
r-devel-linux-x86_64-debian-gcc 1.3.4 135.51 49.53 185.04 OK
r-devel-linux-x86_64-fedora-clang 1.3.4 336.48 NOTE
r-devel-linux-x86_64-fedora-gcc 1.3.4 341.39 OK
r-devel-windows-ix86+x86_64 1.3.4 469.00 142.00 611.00 OK
r-devel-windows-ix86+x86_64-gcc8 1.3.4 480.00 114.00 594.00 OK
r-patched-linux-x86_64 1.3.4 145.06 59.09 204.15 OK
r-patched-solaris-x86 1.3.4 373.70 OK
r-release-linux-x86_64 1.3.4 148.39 59.34 207.73 OK
r-release-windows-ix86+x86_64 1.3.4 323.00 108.00 431.00 OK
r-release-osx-x86_64 1.3.4 NOTE
r-oldrel-windows-ix86+x86_64 1.3.4 307.00 107.00 414.00 OK
r-oldrel-osx-x86_64 1.3.4 NOTE

Check Details

Version: 1.3.4
Check: installed package size
Result: NOTE
     installed size is 10.7Mb
     sub-directories of 1Mb or more:
     libs 10.4Mb
Flavors: r-devel-linux-x86_64-fedora-clang, r-release-osx-x86_64, r-oldrel-osx-x86_64