CRAN Package Check Results for Package ordBTL

Last updated on 2020-01-27 00:48:10 CET.

Flavor Version Tinstall Tcheck Ttotal Status Flags
r-devel-linux-x86_64-debian-clang 0.8 12.95 149.28 162.23 NOTE
r-devel-linux-x86_64-debian-gcc 0.8 11.63 109.62 121.25 NOTE
r-devel-linux-x86_64-fedora-clang 0.8 186.63 NOTE
r-devel-linux-x86_64-fedora-gcc 0.8 188.61 NOTE
r-devel-windows-ix86+x86_64 0.8 54.00 246.00 300.00 NOTE
r-devel-windows-ix86+x86_64-gcc8 0.8 53.00 197.00 250.00 NOTE
r-patched-linux-x86_64 0.8 10.60 129.60 140.20 NOTE
r-patched-solaris-x86 0.8 277.30 NOTE
r-release-linux-x86_64 0.8 12.61 129.78 142.39 NOTE
r-release-windows-ix86+x86_64 0.8 27.00 158.00 185.00 NOTE
r-release-osx-x86_64 0.8 NOTE
r-oldrel-windows-ix86+x86_64 0.8 17.00 135.00 152.00 NOTE
r-oldrel-osx-x86_64 0.8 NOTE

Check Details

Version: 0.8
Check: R code for possible problems
Result: NOTE
    BTLboost: no visible global function definition for 'as.formula'
    design: no visible global function definition for 'as.formula'
    wide2long: no visible global function definition for 'reshape'
    Undefined global functions or variables:
     as.formula reshape
    Consider adding
     importFrom("stats", "as.formula", "reshape")
    to your NAMESPACE file.
Flavors: r-devel-linux-x86_64-debian-clang, r-devel-linux-x86_64-debian-gcc, r-devel-linux-x86_64-fedora-clang, r-devel-linux-x86_64-fedora-gcc, r-devel-windows-ix86+x86_64, r-devel-windows-ix86+x86_64-gcc8, r-patched-linux-x86_64, r-patched-solaris-x86, r-release-linux-x86_64, r-release-windows-ix86+x86_64, r-release-osx-x86_64, r-oldrel-windows-ix86+x86_64, r-oldrel-osx-x86_64