CRAN Package Check Results for Package orca

Last updated on 2020-01-27 00:48:10 CET.

Flavor Version Tinstall Tcheck Ttotal Status Flags
r-devel-linux-x86_64-debian-clang 1.1-1 8.57 21.61 30.18 OK
r-devel-linux-x86_64-debian-gcc 1.1-1 8.48 17.57 26.05 OK
r-devel-linux-x86_64-fedora-clang 1.1-1 40.76 NOTE
r-devel-linux-x86_64-fedora-gcc 1.1-1 40.28 NOTE
r-devel-windows-ix86+x86_64 1.1-1 31.00 67.00 98.00 OK
r-devel-windows-ix86+x86_64-gcc8 1.1-1 21.00 75.00 96.00 OK
r-patched-linux-x86_64 1.1-1 8.29 20.18 28.47 OK
r-patched-solaris-x86 1.1-1 58.10 OK
r-release-linux-x86_64 1.1-1 6.79 19.99 26.78 OK
r-release-windows-ix86+x86_64 1.1-1 21.00 59.00 80.00 OK
r-release-osx-x86_64 1.1-1 NOTE
r-oldrel-windows-ix86+x86_64 1.1-1 22.00 42.00 64.00 OK
r-oldrel-osx-x86_64 1.1-1 OK

Check Details

Version: 1.1-1
Check: compiled code
Result: NOTE
    File ‘orca/libs/orca.so’:
     Found no calls to: ‘R_registerRoutines’, ‘R_useDynamicSymbols’
    
    It is good practice to register native routines and to disable symbol
    search.
    
    See ‘Writing portable packages’ in the ‘Writing R Extensions’ manual.
Flavors: r-devel-linux-x86_64-fedora-clang, r-devel-linux-x86_64-fedora-gcc

Version: 1.1-1
Check: package dependencies
Result: NOTE
    Package which this enhances but not available for checking: ‘graph’
Flavor: r-release-osx-x86_64