CRAN Package Check Results for Package optpart

Last updated on 2020-01-27 00:48:10 CET.

Flavor Version Tinstall Tcheck Ttotal Status Flags
r-devel-linux-x86_64-debian-clang 3.0-3 12.22 89.04 101.26 OK
r-devel-linux-x86_64-debian-gcc 3.0-3 9.77 69.17 78.94 OK
r-devel-linux-x86_64-fedora-clang 3.0-3 121.99 NOTE
r-devel-linux-x86_64-fedora-gcc 3.0-3 120.15 NOTE
r-devel-windows-ix86+x86_64 3.0-3 42.00 202.00 244.00 OK
r-patched-linux-x86_64 3.0-3 10.53 79.22 89.75 OK
r-patched-solaris-x86 3.0-3 179.50 OK
r-release-linux-x86_64 3.0-3 10.59 81.54 92.13 OK
r-release-windows-ix86+x86_64 3.0-3 33.00 147.00 180.00 OK
r-release-osx-x86_64 3.0-3 OK
r-oldrel-windows-ix86+x86_64 3.0-3 39.00 185.00 224.00 OK
r-oldrel-osx-x86_64 3.0-3 OK

Check Details

Version: 3.0-3
Check: compiled code
Result: NOTE
    File ‘optpart/libs/optpart.so’:
     Found no calls to: ‘R_registerRoutines’, ‘R_useDynamicSymbols’
    
    It is good practice to register native routines and to disable symbol
    search.
    
    See ‘Writing portable packages’ in the ‘Writing R Extensions’ manual.
Flavors: r-devel-linux-x86_64-fedora-clang, r-devel-linux-x86_64-fedora-gcc