CRAN Package Check Results for Package openCR

Last updated on 2020-01-27 00:48:10 CET.

Flavor Version Tinstall Tcheck Ttotal Status Flags
r-devel-linux-x86_64-debian-clang 1.4.1 95.16 233.63 328.79 NOTE
r-devel-linux-x86_64-debian-gcc 1.4.1 65.51 178.39 243.90 NOTE
r-devel-linux-x86_64-fedora-clang 1.4.1 407.77 NOTE
r-devel-linux-x86_64-fedora-gcc 1.4.1 394.10 NOTE
r-devel-windows-ix86+x86_64 1.4.1 247.00 325.00 572.00 NOTE
r-devel-windows-ix86+x86_64-gcc8 1.4.1 264.00 250.00 514.00 NOTE
r-patched-linux-x86_64 1.4.1 71.33 208.21 279.54 NOTE
r-patched-solaris-x86 1.4.1 534.30 NOTE
r-release-linux-x86_64 1.4.1 75.55 204.16 279.71 NOTE
r-release-windows-ix86+x86_64 1.4.1 168.00 218.00 386.00 NOTE
r-release-osx-x86_64 1.4.1 NOTE
r-oldrel-windows-ix86+x86_64 1.4.1 167.00 199.00 366.00 NOTE
r-oldrel-osx-x86_64 1.4.1 NOTE

Check Details

Version: 1.4.1
Check: for GNU extensions in Makefiles
Result: NOTE
    GNU make is a SystemRequirements.
Flavors: r-devel-linux-x86_64-debian-clang, r-devel-linux-x86_64-debian-gcc, r-devel-linux-x86_64-fedora-clang, r-devel-linux-x86_64-fedora-gcc, r-devel-windows-ix86+x86_64, r-devel-windows-ix86+x86_64-gcc8, r-patched-linux-x86_64, r-patched-solaris-x86, r-release-linux-x86_64, r-release-windows-ix86+x86_64, r-release-osx-x86_64, r-oldrel-windows-ix86+x86_64, r-oldrel-osx-x86_64

Version: 1.4.1
Check: package dependencies
Result: NOTE
    Packages suggested but not available for checking: 'RMark', 'R2ucare'
Flavor: r-patched-solaris-x86