Last updated on 2020-01-27 00:48:10 CET.
Flavor | Version | Tinstall | Tcheck | Ttotal | Status | Flags |
---|---|---|---|---|---|---|
r-devel-linux-x86_64-debian-clang | 1.3.1 | 46.81 | 65.36 | 112.17 | OK | |
r-devel-linux-x86_64-debian-gcc | 1.3.1 | 35.90 | 50.69 | 86.59 | OK | |
r-devel-linux-x86_64-fedora-clang | 1.3.1 | 146.31 | NOTE | |||
r-devel-linux-x86_64-fedora-gcc | 1.3.1 | 142.67 | NOTE | |||
r-devel-windows-ix86+x86_64 | 1.3.1 | 127.00 | 148.00 | 275.00 | OK | |
r-devel-windows-ix86+x86_64-gcc8 | 1.3.1 | 141.00 | 129.00 | 270.00 | OK | |
r-patched-linux-x86_64 | 1.3.1 | 39.99 | 58.13 | 98.12 | OK | |
r-patched-solaris-x86 | 1.3.1 | 158.50 | OK | |||
r-release-linux-x86_64 | 1.3.1 | 37.09 | 58.10 | 95.19 | OK | |
r-release-windows-ix86+x86_64 | 1.3.1 | 91.00 | 104.00 | 195.00 | OK | |
r-release-osx-x86_64 | 1.3.1 | OK | ||||
r-oldrel-windows-ix86+x86_64 | 1.3.1 | 69.00 | 99.00 | 168.00 | OK | |
r-oldrel-osx-x86_64 | 1.3.1 | OK |
Version: 1.3.1
Check: compiled code
Result: NOTE
File ‘onlinePCA/libs/onlinePCA.so’:
Found no calls to: ‘R_registerRoutines’, ‘R_useDynamicSymbols’
It is good practice to register native routines and to disable symbol
search.
See ‘Writing portable packages’ in the ‘Writing R Extensions’ manual.
Flavors: r-devel-linux-x86_64-fedora-clang, r-devel-linux-x86_64-fedora-gcc