Last updated on 2020-01-27 00:48:10 CET.
Flavor | Version | Tinstall | Tcheck | Ttotal | Status | Flags |
---|---|---|---|---|---|---|
r-devel-linux-x86_64-debian-clang | 0.2.0 | 3.35 | 19.06 | 22.41 | OK | |
r-devel-linux-x86_64-debian-gcc | 0.2.0 | 2.59 | 15.36 | 17.95 | OK | |
r-devel-linux-x86_64-fedora-clang | 0.2.0 | 27.48 | NOTE | |||
r-devel-linux-x86_64-fedora-gcc | 0.2.0 | 26.60 | NOTE | |||
r-devel-windows-ix86+x86_64 | 0.2.0 | 5.00 | 45.00 | 50.00 | OK | |
r-devel-windows-ix86+x86_64-gcc8 | 0.2.0 | 11.00 | 39.00 | 50.00 | OK | |
r-patched-linux-x86_64 | 0.2.0 | 2.66 | 17.35 | 20.01 | OK | |
r-patched-solaris-x86 | 0.2.0 | 37.70 | NOTE | |||
r-release-linux-x86_64 | 0.2.0 | 2.56 | 17.34 | 19.90 | OK | |
r-release-windows-ix86+x86_64 | 0.2.0 | 5.00 | 33.00 | 38.00 | OK | |
r-release-osx-x86_64 | 0.2.0 | NOTE | ||||
r-oldrel-windows-ix86+x86_64 | 0.2.0 | 3.00 | 29.00 | 32.00 | OK | |
r-oldrel-osx-x86_64 | 0.2.0 | NOTE |
Version: 0.2.0
Check: dependencies in R code
Result: NOTE
Namespaces in Imports field not imported from:
‘R6’ ‘safer’
All declared Imports should be used.
Flavors: r-devel-linux-x86_64-fedora-clang, r-devel-linux-x86_64-fedora-gcc, r-patched-solaris-x86, r-release-osx-x86_64, r-oldrel-osx-x86_64