CRAN Package Check Results for Package officer

Last updated on 2020-01-27 00:48:10 CET.

Flavor Version Tinstall Tcheck Ttotal Status Flags
r-devel-linux-x86_64-debian-clang 0.3.6 92.38 85.59 177.97 OK
r-devel-linux-x86_64-debian-gcc 0.3.6 60.16 66.09 126.25 OK
r-devel-linux-x86_64-fedora-clang 0.3.6 228.45 OK
r-devel-linux-x86_64-fedora-gcc 0.3.6 217.29 OK
r-devel-windows-ix86+x86_64 0.3.6 223.00 293.00 516.00 OK
r-devel-windows-ix86+x86_64-gcc8 0.3.6 217.00 207.00 424.00 OK
r-patched-linux-x86_64 0.3.6 68.86 76.86 145.72 OK
r-patched-solaris-x86 0.3.6 213.70 NOTE
r-release-linux-x86_64 0.3.6 67.02 77.76 144.78 OK
r-release-windows-ix86+x86_64 0.3.6 157.00 179.00 336.00 OK
r-release-osx-x86_64 0.3.6 OK
r-oldrel-windows-ix86+x86_64 0.3.6 116.00 164.00 280.00 OK
r-oldrel-osx-x86_64 0.3.6 OK

Check Details

Version: 0.3.6
Check: package dependencies
Result: NOTE
    Package suggested but not available for checking: ‘rsvg’
Flavor: r-patched-solaris-x86