Last updated on 2020-01-27 00:48:10 CET.
Flavor | Version | Tinstall | Tcheck | Ttotal | Status | Flags |
---|---|---|---|---|---|---|
r-devel-linux-x86_64-debian-clang | 1.1-1 | 240.15 | 458.48 | 698.63 | OK | |
r-devel-linux-x86_64-debian-gcc | 1.1-1 | 158.12 | 347.99 | 506.11 | OK | |
r-devel-linux-x86_64-fedora-clang | 1.1-1 | 881.11 | NOTE | |||
r-devel-linux-x86_64-fedora-gcc | 1.1-1 | 883.62 | OK | |||
r-devel-windows-ix86+x86_64 | 1.1-1 | 572.00 | 842.00 | 1414.00 | NOTE | |
r-devel-windows-ix86+x86_64-gcc8 | 1.1-1 | 617.00 | 698.00 | 1315.00 | NOTE | |
r-patched-linux-x86_64 | 1.1-1 | 172.11 | 410.14 | 582.25 | OK | |
r-patched-solaris-x86 | 1.1-1 | 865.90 | NOTE | |||
r-release-linux-x86_64 | 1.1-1 | 179.66 | 410.51 | 590.17 | OK | |
r-release-windows-ix86+x86_64 | 1.1-1 | 399.00 | 576.00 | 975.00 | NOTE | |
r-release-osx-x86_64 | 1.1-1 | NOTE | ||||
r-oldrel-windows-ix86+x86_64 | 1.1-1 | 345.00 | 521.00 | 866.00 | NOTE | |
r-oldrel-osx-x86_64 | 1.1-1 | NOTE |
Version: 1.1-1
Check: installed package size
Result: NOTE
installed size is 12.6Mb
sub-directories of 1Mb or more:
R 2.3Mb
doc 2.6Mb
help 2.5Mb
libs 3.5Mb
Flavors: r-devel-linux-x86_64-fedora-clang, r-devel-windows-ix86+x86_64, r-devel-windows-ix86+x86_64-gcc8, r-patched-solaris-x86, r-release-windows-ix86+x86_64, r-release-osx-x86_64, r-oldrel-windows-ix86+x86_64, r-oldrel-osx-x86_64