CRAN Package Check Results for Package nutshell.audioscrobbler

Last updated on 2020-01-27 00:48:09 CET.

Flavor Version Tinstall Tcheck Ttotal Status Flags
r-devel-linux-x86_64-debian-clang 1.0 1.62 30.59 32.21 NOTE
r-devel-linux-x86_64-debian-gcc 1.0 1.50 24.42 25.92 NOTE
r-devel-linux-x86_64-fedora-clang 1.0 34.81 WARN
r-devel-linux-x86_64-fedora-gcc 1.0 39.24 NOTE
r-devel-windows-ix86+x86_64 1.0 6.00 56.00 62.00 NOTE
r-devel-windows-ix86+x86_64-gcc8 1.0 6.00 57.00 63.00 NOTE
r-patched-linux-x86_64 1.0 1.56 28.02 29.58 NOTE
r-patched-solaris-x86 1.0 57.20 NOTE
r-release-linux-x86_64 1.0 1.58 27.73 29.31 NOTE
r-release-windows-ix86+x86_64 1.0 3.00 44.00 47.00 NOTE
r-release-osx-x86_64 1.0 NOTE
r-oldrel-windows-ix86+x86_64 1.0 3.00 52.00 55.00 NOTE
r-oldrel-osx-x86_64 1.0 NOTE

Check Details

Version: 1.0
Check: DESCRIPTION meta-information
Result: NOTE
    Malformed Description field: should contain one or more complete sentences.
    Deprecated license: CC BY-NC-SA 3.0
Flavors: r-devel-linux-x86_64-debian-clang, r-devel-linux-x86_64-debian-gcc, r-devel-linux-x86_64-fedora-clang, r-devel-linux-x86_64-fedora-gcc, r-patched-linux-x86_64, r-patched-solaris-x86, r-release-linux-x86_64, r-release-osx-x86_64, r-oldrel-osx-x86_64

Version: 1.0
Check: installed package size
Result: NOTE
     installed size is 8.1Mb
     sub-directories of 1Mb or more:
     data 8.1Mb
Flavors: r-devel-linux-x86_64-fedora-clang, r-devel-windows-ix86+x86_64, r-devel-windows-ix86+x86_64-gcc8, r-patched-solaris-x86, r-release-windows-ix86+x86_64, r-release-osx-x86_64, r-oldrel-windows-ix86+x86_64, r-oldrel-osx-x86_64

Version: 1.0
Check: data for non-ASCII characters
Result: WARN
     Error loading dataset 'audioscrobbler':
     Error in .requirePackage(package) :
     unable to find required package 'arules'
    
     The dataset(s) may use package(s) not declared in Depends/Imports.
Flavor: r-devel-linux-x86_64-fedora-clang

Version: 1.0
Check: data for non-ASCII characters
Result: NOTE
     Note: found 13172 marked Latin-1 strings
Flavors: r-devel-linux-x86_64-fedora-gcc, r-patched-solaris-x86, r-release-osx-x86_64, r-oldrel-osx-x86_64

Version: 1.0
Check: DESCRIPTION meta-information
Result: NOTE
    Malformed Description field: should contain one or more complete sentences.
Flavors: r-devel-windows-ix86+x86_64, r-devel-windows-ix86+x86_64-gcc8, r-release-windows-ix86+x86_64, r-oldrel-windows-ix86+x86_64