Last updated on 2020-01-27 00:48:09 CET.
Flavor | Version | Tinstall | Tcheck | Ttotal | Status | Flags |
---|---|---|---|---|---|---|
r-devel-linux-x86_64-debian-clang | 0.3.5 | 10.30 | 238.85 | 249.15 | OK | |
r-devel-linux-x86_64-debian-gcc | 0.3.5 | 9.14 | 177.15 | 186.29 | OK | |
r-devel-linux-x86_64-fedora-clang | 0.3.5 | 288.42 | NOTE | |||
r-devel-linux-x86_64-fedora-gcc | 0.3.5 | 283.01 | NOTE | |||
r-devel-windows-ix86+x86_64 | 0.3.5 | 35.00 | 328.00 | 363.00 | OK | |
r-devel-windows-ix86+x86_64-gcc8 | 0.3.5 | 32.00 | 241.00 | 273.00 | OK | |
r-patched-linux-x86_64 | 0.3.5 | 7.88 | 203.00 | 210.88 | OK | |
r-patched-solaris-x86 | 0.3.5 | 331.90 | NOTE | |||
r-release-linux-x86_64 | 0.3.5 | 8.38 | 203.58 | 211.96 | OK | |
r-release-windows-ix86+x86_64 | 0.3.5 | 19.00 | 231.00 | 250.00 | OK | |
r-release-osx-x86_64 | 0.3.5 | NOTE | ||||
r-oldrel-windows-ix86+x86_64 | 0.3.5 | 11.00 | 198.00 | 209.00 | OK | |
r-oldrel-osx-x86_64 | 0.3.5 | NOTE |
Version: 0.3.5
Check: dependencies in R code
Result: NOTE
Namespaces in Imports field not imported from:
‘forecast’ ‘rlang’ ‘tidyverse’ ‘tsibble’
All declared Imports should be used.
Flavors: r-devel-linux-x86_64-fedora-clang, r-devel-linux-x86_64-fedora-gcc, r-patched-solaris-x86, r-release-osx-x86_64, r-oldrel-osx-x86_64