CRAN Package Check Results for Package npcure

Last updated on 2020-01-27 00:48:09 CET.

Flavor Version Tinstall Tcheck Ttotal Status Flags
r-devel-linux-x86_64-debian-clang 0.1-4 6.37 40.27 46.64 OK
r-devel-linux-x86_64-debian-gcc 0.1-4 5.20 30.39 35.59 OK
r-devel-linux-x86_64-fedora-clang 0.1-4 55.38 OK
r-devel-linux-x86_64-fedora-gcc 0.1-4 56.07 OK
r-devel-windows-ix86+x86_64 0.1-4 23.00 95.00 118.00 OK
r-devel-windows-ix86+x86_64-gcc8 0.1-4 27.00 101.00 128.00 OK
r-patched-linux-x86_64 0.1-4 5.00 39.13 44.13 OK
r-patched-solaris-x86 0.1-4 74.30 OK
r-release-linux-x86_64 0.1-4 5.02 39.06 44.08 OK
r-release-windows-ix86+x86_64 0.1-4 14.00 75.00 89.00 OK
r-release-osx-x86_64 0.1-4 OK
r-oldrel-windows-ix86+x86_64 0.1-4 15.00 95.00 110.00 NOTE
r-oldrel-osx-x86_64 0.1-4 OK

Check Details

Version: 0.1-4
Check: R code for possible problems
Result: NOTE
    Error in readRDS(nsInfoFilePath) : error reading from connection
    Calls: <Anonymous> ... tryCatch -> tryCatchList -> tryCatchOne -> <Anonymous>
    Execution halted
Flavor: r-oldrel-windows-ix86+x86_64