CRAN Package Check Results for Package nlmixr

Last updated on 2020-01-27 00:48:09 CET.

Flavor Version Tinstall Tcheck Ttotal Status Flags
r-devel-linux-x86_64-debian-clang 1.1.1-3 194.88 212.07 406.95 NOTE
r-devel-linux-x86_64-debian-gcc 1.1.1-3 179.20 159.16 338.36 NOTE
r-devel-linux-x86_64-fedora-clang 1.1.1-3 505.68 NOTE
r-devel-linux-x86_64-fedora-gcc 1.1.1-3 557.75 NOTE
r-devel-windows-ix86+x86_64 1.1.1-3 362.00 649.00 1011.00 NOTE
r-devel-windows-ix86+x86_64-gcc8 1.1.1-3 504.00 439.00 943.00 NOTE
r-patched-linux-x86_64 1.1.1-3 177.47 189.29 366.76 NOTE
r-patched-solaris-x86 1.1.1-3 538.20 NOTE
r-release-linux-x86_64 1.1.1-3 188.46 186.53 374.99 NOTE
r-release-windows-ix86+x86_64 1.1.1-3 351.00 383.00 734.00 NOTE
r-release-osx-x86_64 1.1.1-3 NOTE
r-oldrel-windows-ix86+x86_64 1.1.1-3 309.00 368.00 677.00 NOTE
r-oldrel-osx-x86_64 1.1.1-3 NOTE

Check Details

Version: 1.1.1-3
Check: dependencies in R code
Result: NOTE
    Missing or unexported object: 'RxODE::rxSolve.default'
Flavors: r-devel-linux-x86_64-debian-clang, r-devel-linux-x86_64-debian-gcc, r-devel-linux-x86_64-fedora-clang, r-devel-linux-x86_64-fedora-gcc, r-devel-windows-ix86+x86_64, r-devel-windows-ix86+x86_64-gcc8, r-patched-linux-x86_64, r-patched-solaris-x86, r-release-linux-x86_64, r-release-windows-ix86+x86_64, r-oldrel-windows-ix86+x86_64

Version: 1.1.1-3
Check: package dependencies
Result: NOTE
    Imports includes 28 non-default packages.
    Importing from so many packages makes the package vulnerable to any of
    them becoming unavailable. Move as many as possible to Suggests and
    use conditionally.
Flavor: r-devel-linux-x86_64-fedora-clang

Version: 1.1.1-3
Check: installed package size
Result: NOTE
     installed size is 21.7Mb
     sub-directories of 1Mb or more:
     libs 19.9Mb
Flavors: r-devel-linux-x86_64-fedora-clang, r-devel-windows-ix86+x86_64, r-devel-windows-ix86+x86_64-gcc8, r-release-windows-ix86+x86_64, r-release-osx-x86_64, r-oldrel-windows-ix86+x86_64, r-oldrel-osx-x86_64