CRAN Package Check Results for Package newsanchor

Last updated on 2020-01-27 00:48:09 CET.

Flavor Version Tinstall Tcheck Ttotal Status Flags
r-devel-linux-x86_64-debian-clang 0.1.1 5.51 43.72 49.23 OK
r-devel-linux-x86_64-debian-gcc 0.1.1 4.08 33.74 37.82 OK
r-devel-linux-x86_64-fedora-clang 0.1.1 59.29 NOTE
r-devel-linux-x86_64-fedora-gcc 0.1.1 57.65 NOTE
r-devel-windows-ix86+x86_64 0.1.1 29.00 90.00 119.00 OK
r-devel-windows-ix86+x86_64-gcc8 0.1.1 21.00 63.00 84.00 OK
r-patched-linux-x86_64 0.1.1 3.94 39.16 43.10 OK
r-patched-solaris-x86 0.1.1 80.00 NOTE
r-release-linux-x86_64 0.1.1 4.49 38.77 43.26 OK
r-release-windows-ix86+x86_64 0.1.1 12.00 59.00 71.00 OK
r-release-osx-x86_64 0.1.1 NOTE
r-oldrel-windows-ix86+x86_64 0.1.1 7.00 53.00 60.00 OK
r-oldrel-osx-x86_64 0.1.1 NOTE

Check Details

Version: 0.1.1
Check: dependencies in R code
Result: NOTE
    Namespaces in Imports field not imported from:
     ‘devtools’ ‘xml2’
     All declared Imports should be used.
Flavors: r-devel-linux-x86_64-fedora-clang, r-devel-linux-x86_64-fedora-gcc, r-patched-solaris-x86, r-release-osx-x86_64, r-oldrel-osx-x86_64

Version: 0.1.1
Check: data for non-ASCII characters
Result: NOTE
     Note: found 318 marked UTF-8 strings
Flavors: r-devel-linux-x86_64-fedora-clang, r-devel-linux-x86_64-fedora-gcc, r-patched-solaris-x86, r-release-osx-x86_64, r-oldrel-osx-x86_64