CRAN Package Check Results for Package neuroblastoma

Last updated on 2020-01-27 00:48:09 CET.

Flavor Version Tinstall Tcheck Ttotal Status Flags
r-devel-linux-x86_64-debian-clang 1.0 2.23 14.95 17.18 OK
r-devel-linux-x86_64-debian-gcc 1.0 1.49 12.50 13.99 OK
r-devel-linux-x86_64-fedora-clang 1.0 21.02 NOTE
r-devel-linux-x86_64-fedora-gcc 1.0 21.09 OK
r-devel-windows-ix86+x86_64 1.0 11.00 36.00 47.00 NOTE
r-devel-windows-ix86+x86_64-gcc8 1.0 5.00 34.00 39.00 NOTE
r-patched-linux-x86_64 1.0 1.62 14.33 15.95 OK
r-patched-solaris-x86 1.0 32.00 NOTE
r-release-linux-x86_64 1.0 1.41 14.56 15.97 OK
r-release-windows-ix86+x86_64 1.0 4.00 31.00 35.00 NOTE
r-release-osx-x86_64 1.0 NOTE
r-oldrel-windows-ix86+x86_64 1.0 2.00 21.00 23.00 NOTE
r-oldrel-osx-x86_64 1.0 NOTE

Check Details

Version: 1.0
Check: installed package size
Result: NOTE
     installed size is 7.7Mb
     sub-directories of 1Mb or more:
     data 7.6Mb
Flavors: r-devel-linux-x86_64-fedora-clang, r-devel-windows-ix86+x86_64, r-devel-windows-ix86+x86_64-gcc8, r-patched-solaris-x86, r-release-windows-ix86+x86_64, r-release-osx-x86_64, r-oldrel-windows-ix86+x86_64, r-oldrel-osx-x86_64