CRAN Package Check Results for Package networkABC

Last updated on 2020-01-27 00:48:09 CET.

Flavor Version Tinstall Tcheck Ttotal Status Flags
r-devel-linux-x86_64-debian-clang 0.5-3 6.00 43.38 49.38 WARN
r-devel-linux-x86_64-debian-gcc 0.5-3 4.22 32.83 37.05 WARN
r-devel-linux-x86_64-fedora-clang 0.5-3 61.36 OK
r-devel-linux-x86_64-fedora-gcc 0.5-3 58.37 WARN
r-devel-windows-ix86+x86_64 0.5-3 26.00 91.00 117.00 OK
r-devel-windows-ix86+x86_64-gcc8 0.5-3 26.00 70.00 96.00 OK
r-patched-linux-x86_64 0.5-3 4.33 39.67 44.00 OK
r-patched-solaris-x86 0.5-3 92.90 OK
r-release-linux-x86_64 0.5-3 4.60 39.28 43.88 OK
r-release-windows-ix86+x86_64 0.5-3 17.00 69.00 86.00 OK
r-release-osx-x86_64 0.5-3 OK
r-oldrel-windows-ix86+x86_64 0.5-3 14.00 59.00 73.00 OK
r-oldrel-osx-x86_64 0.5-3 OK

Check Details

Version: 0.5-3
Check: whether package can be installed
Result: WARN
    Found the following significant warnings:
     abc_R.c:188:16: warning: ignoring return value of function declared with 'warn_unused_result' attribute [-Wunused-result]
     abc_R.c:287:17: warning: ignoring return value of function declared with 'warn_unused_result' attribute [-Wunused-result]
Flavor: r-devel-linux-x86_64-debian-clang

Version: 0.5-3
Check: whether package can be installed
Result: WARN
    Found the following significant warnings:
     abc_R.c:188:16: warning: ignoring return value of ‘fscanf’, declared with attribute warn_unused_result [-Wunused-result]
     abc_R.c:287:17: warning: ignoring return value of ‘fscanf’, declared with attribute warn_unused_result [-Wunused-result]
Flavors: r-devel-linux-x86_64-debian-gcc, r-devel-linux-x86_64-fedora-gcc