CRAN Package Check Results for Package netrankr

Last updated on 2020-01-27 00:48:09 CET.

Flavor Version Tinstall Tcheck Ttotal Status Flags
r-devel-linux-x86_64-debian-clang 0.2.1 150.46 78.15 228.61 OK
r-devel-linux-x86_64-debian-gcc 0.2.1 92.11 59.85 151.96 OK
r-devel-linux-x86_64-fedora-clang 0.2.1 317.17 NOTE
r-devel-linux-x86_64-fedora-gcc 0.2.1 285.69 OK
r-devel-windows-ix86+x86_64 0.2.1 357.00 168.00 525.00 OK
r-devel-windows-ix86+x86_64-gcc8 0.2.1 381.00 137.00 518.00 OK
r-patched-linux-x86_64 0.2.1 111.40 70.72 182.12 OK
r-patched-solaris-x86 0.2.1 264.10 OK
r-release-linux-x86_64 0.2.1 103.85 70.07 173.92 OK
r-release-windows-ix86+x86_64 0.2.1 260.00 118.00 378.00 OK
r-release-osx-x86_64 0.2.1 OK
r-oldrel-windows-ix86+x86_64 0.2.1 257.00 89.00 346.00 OK
r-oldrel-osx-x86_64 0.2.1 OK

Check Details

Version: 0.2.1
Check: installed package size
Result: NOTE
     installed size is 5.5Mb
     sub-directories of 1Mb or more:
     libs 4.2Mb
Flavor: r-devel-linux-x86_64-fedora-clang