Last updated on 2020-01-27 00:48:09 CET.
Flavor | Version | Tinstall | Tcheck | Ttotal | Status | Flags |
---|---|---|---|---|---|---|
r-devel-linux-x86_64-debian-clang | 0.13.0 | 6.72 | 340.29 | 347.01 | NOTE | |
r-devel-linux-x86_64-debian-gcc | 0.13.0 | 6.00 | 232.98 | 238.98 | NOTE | |
r-devel-linux-x86_64-fedora-clang | 0.13.0 | 394.13 | NOTE | |||
r-devel-linux-x86_64-fedora-gcc | 0.13.0 | 402.30 | NOTE | |||
r-devel-windows-ix86+x86_64 | 0.13.0 | 22.00 | 224.00 | 246.00 | OK | --no-vignettes |
r-devel-windows-ix86+x86_64-gcc8 | 0.13.0 | 23.00 | 222.00 | 245.00 | OK | --no-vignettes |
r-patched-linux-x86_64 | 0.13.0 | 6.59 | 284.78 | 291.37 | OK | |
r-patched-solaris-x86 | 0.13.0 | 473.60 | OK | --no-build-vignettes | ||
r-release-linux-x86_64 | 0.13.0 | 6.06 | 306.49 | 312.55 | OK | |
r-release-windows-ix86+x86_64 | 0.13.0 | 11.00 | 319.00 | 330.00 | OK | --no-vignettes |
r-release-osx-x86_64 | 0.13.0 | OK | ||||
r-oldrel-windows-ix86+x86_64 | 0.13.0 | 9.00 | 200.00 | 209.00 | OK | --no-vignettes |
r-oldrel-osx-x86_64 | 0.13.0 | OK |
Version: 0.13.0
Check: for non-standard things in the check directory
Result: NOTE
Found the following files/directories:
'testNet.dot' 'toy_epi_sim.net'
Flavors: r-devel-linux-x86_64-debian-clang, r-devel-linux-x86_64-debian-gcc, r-devel-linux-x86_64-fedora-clang, r-devel-linux-x86_64-fedora-gcc