Last updated on 2020-01-27 00:48:09 CET.
Flavor | Version | Tinstall | Tcheck | Ttotal | Status | Flags |
---|---|---|---|---|---|---|
r-devel-linux-x86_64-debian-clang | 0.1.1 | 12.04 | 71.89 | 83.93 | OK | |
r-devel-linux-x86_64-debian-gcc | 0.1.1 | 9.60 | 58.03 | 67.63 | OK | |
r-devel-linux-x86_64-fedora-clang | 0.1.1 | 99.10 | NOTE | |||
r-devel-linux-x86_64-fedora-gcc | 0.1.1 | 99.35 | NOTE | |||
r-devel-windows-ix86+x86_64 | 0.1.1 | 29.00 | 109.00 | 138.00 | OK | |
r-devel-windows-ix86+x86_64-gcc8 | 0.1.1 | 29.00 | 81.00 | 110.00 | OK | |
r-patched-linux-x86_64 | 0.1.1 | 9.46 | 62.64 | 72.10 | OK | |
r-patched-solaris-x86 | 0.1.1 | 139.70 | NOTE | |||
r-release-linux-x86_64 | 0.1.1 | 7.22 | 63.45 | 70.67 | OK | |
r-release-windows-ix86+x86_64 | 0.1.1 | 15.00 | 72.00 | 87.00 | OK | |
r-release-osx-x86_64 | 0.1.1 | NOTE | ||||
r-oldrel-windows-ix86+x86_64 | 0.1.1 | 9.00 | 62.00 | 71.00 | OK | |
r-oldrel-osx-x86_64 | 0.1.1 | NOTE |
Version: 0.1.1
Check: dependencies in R code
Result: NOTE
Namespaces in Imports field not imported from:
‘Deriv’ ‘compiler’ ‘stringi’
All declared Imports should be used.
Flavors: r-devel-linux-x86_64-fedora-clang, r-devel-linux-x86_64-fedora-gcc, r-patched-solaris-x86, r-release-osx-x86_64, r-oldrel-osx-x86_64