CRAN Package Check Results for Package mvord

Last updated on 2020-01-27 00:48:09 CET.

Flavor Version Tinstall Tcheck Ttotal Status Flags
r-devel-linux-x86_64-debian-clang 0.3.6 15.10 176.25 191.35 OK
r-devel-linux-x86_64-debian-gcc 0.3.6 11.89 133.65 145.54 OK
r-devel-linux-x86_64-fedora-clang 0.3.6 223.13 OK
r-devel-linux-x86_64-fedora-gcc 0.3.6 222.03 OK
r-devel-windows-ix86+x86_64 0.3.6 36.00 334.00 370.00 OK
r-devel-windows-ix86+x86_64-gcc8 0.3.6 34.00 269.00 303.00 OK
r-patched-linux-x86_64 0.3.6 11.85 158.34 170.19 OK
r-patched-solaris-x86 0.3.6 284.10 OK
r-release-linux-x86_64 0.3.6 11.39 157.97 169.36 OK
r-release-windows-ix86+x86_64 0.3.6 24.00 229.00 253.00 OK
r-release-osx-x86_64 0.3.6 NOTE
r-oldrel-windows-ix86+x86_64 0.3.6 18.00 221.00 239.00 OK
r-oldrel-osx-x86_64 0.3.6 NOTE

Check Details

Version: 0.3.6
Check: re-building of vignette outputs
Result: NOTE
    Error(s) in re-building vignettes:
     ...
    --- re-building ‘vignette_mvord2.Rmd’ using rmarkdown
    Warning in engine$weave(file, quiet = quiet, encoding = enc) :
     Pandoc (>= 1.12.3) and/or pandoc-citeproc not available. Falling back to R Markdown v1.
    --- finished re-building ‘vignette_mvord2.Rmd’
    
    --- re-building ‘vignette_mvord.Rnw’ using Sweave
    Loading required package: minqa
    Loading required package: BB
    Loading required package: ucminf
    Loading required package: dfoptim
    Error: processing vignette 'vignette_mvord.Rnw' failed with diagnostics:
    Running 'texi2dvi' on 'vignette_mvord.tex' failed.
    LaTeX errors:
    !pdfTeX error: pdflatex (file bbm10): Font bbm10 at 657 not found
     ==> Fatal error occurred, no output PDF file produced!
    --- failed re-building 'vignette_mvord.Rnw'
    
    SUMMARY: processing the following file failed:
     ‘vignette_mvord.Rnw’
    
    Error: Vignette re-building failed.
    Execution halted
Flavor: r-release-osx-x86_64

Version: 0.3.6
Check: re-building of vignette outputs
Result: NOTE
    Error in re-building vignettes:
     ...
    Warning in engine$weave(file, quiet = quiet, encoding = enc) :
     Pandoc (>= 1.12.3) and/or pandoc-citeproc not available. Falling back to R Markdown v1.
    Error in texi2dvi(file = file, pdf = TRUE, clean = clean, quiet = quiet, :
     Running 'texi2dvi' on 'vignette_mvord.tex' failed.
    LaTeX errors:
    !pdfTeX error: pdflatex (file bbm10): Font bbm10 at 657 not found
     ==> Fatal error occurred, no output PDF file produced!
    Calls: buildVignettes -> texi2pdf -> texi2dvi
    Execution halted
Flavor: r-oldrel-osx-x86_64