CRAN Package Check Results for Package muHVT

Last updated on 2020-01-27 00:48:09 CET.

Flavor Version Tinstall Tcheck Ttotal Status Flags
r-devel-linux-x86_64-debian-clang 1.0.1 7.55 398.72 406.27 OK
r-devel-linux-x86_64-debian-gcc 1.0.1 5.41 301.03 306.44 OK
r-devel-linux-x86_64-fedora-clang 1.0.1 466.78 NOTE
r-devel-linux-x86_64-fedora-gcc 1.0.1 482.59 NOTE
r-devel-windows-ix86+x86_64 1.0.1 26.00 261.00 287.00 OK
r-devel-windows-ix86+x86_64-gcc8 1.0.0 22.00 275.00 297.00 OK
r-patched-linux-x86_64 1.0.1 6.12 373.01 379.13 OK
r-patched-solaris-x86 1.0.1 299.40 NOTE
r-release-linux-x86_64 1.0.1 6.54 367.01 373.55 OK
r-release-windows-ix86+x86_64 1.0.1 14.00 193.00 207.00 OK
r-release-osx-x86_64 1.0.1 NOTE
r-oldrel-windows-ix86+x86_64 1.0.1 14.00 257.00 271.00 OK
r-oldrel-osx-x86_64 1.0.1 NOTE

Check Details

Version: 1.0.1
Check: dependencies in R code
Result: NOTE
    Namespace in Imports field not imported from: ‘gtools’
     All declared Imports should be used.
Flavors: r-devel-linux-x86_64-fedora-clang, r-devel-linux-x86_64-fedora-gcc, r-patched-solaris-x86, r-release-osx-x86_64, r-oldrel-osx-x86_64