CRAN Package Check Results for Package mrbayes

Last updated on 2020-01-27 00:48:08 CET.

Flavor Version Tinstall Tcheck Ttotal Status Flags
r-devel-linux-x86_64-debian-clang 0.1.0 2.05 44.71 46.76 OK
r-devel-linux-x86_64-debian-gcc 0.1.0 1.94 34.69 36.63 OK
r-devel-linux-x86_64-fedora-clang 0.1.0 58.58 NOTE
r-devel-linux-x86_64-fedora-gcc 0.1.0 55.76 NOTE
r-devel-windows-ix86+x86_64 0.1.0 9.00 76.00 85.00 OK
r-devel-windows-ix86+x86_64-gcc8 0.1.0 8.00 55.00 63.00 OK
r-patched-linux-x86_64 0.1.0 1.84 42.22 44.06 OK
r-patched-solaris-x86 0.1.0 111.40 NOTE
r-release-linux-x86_64 0.1.0 1.85 41.79 43.64 OK
r-release-windows-ix86+x86_64 0.1.0 4.00 54.00 58.00 OK
r-release-osx-x86_64 0.1.0 NOTE
r-oldrel-windows-ix86+x86_64 0.1.0 3.00 47.00 50.00 OK
r-oldrel-osx-x86_64 0.1.0 NOTE

Check Details

Version: 0.1.0
Check: dependencies in R code
Result: NOTE
    Namespace in Imports field not imported from: ‘methods’
     All declared Imports should be used.
Flavors: r-devel-linux-x86_64-fedora-clang, r-devel-linux-x86_64-fedora-gcc, r-patched-solaris-x86, r-release-osx-x86_64, r-oldrel-osx-x86_64