CRAN Package Check Results for Package moonBook

Last updated on 2020-01-27 00:48:08 CET.

Flavor Version Tinstall Tcheck Ttotal Status Flags
r-devel-linux-x86_64-debian-clang 0.2.3 8.24 90.51 98.75 NOTE
r-devel-linux-x86_64-debian-gcc 0.2.3 6.18 66.52 72.70 NOTE
r-devel-linux-x86_64-fedora-clang 0.2.3 118.20 NOTE
r-devel-linux-x86_64-fedora-gcc 0.2.3 112.79 NOTE
r-devel-windows-ix86+x86_64 0.2.3 23.00 141.00 164.00 OK
r-devel-windows-ix86+x86_64-gcc8 0.2.3 27.00 113.00 140.00 OK
r-patched-linux-x86_64 0.2.3 6.12 81.43 87.55 OK
r-patched-solaris-x86 0.2.3 144.90 NOTE
r-release-linux-x86_64 0.2.3 5.45 81.73 87.18 OK
r-release-windows-ix86+x86_64 0.2.3 15.00 92.00 107.00 OK
r-release-osx-x86_64 0.2.3 NOTE
r-oldrel-windows-ix86+x86_64 0.2.3 8.00 81.00 89.00 OK
r-oldrel-osx-x86_64 0.2.3 NOTE

Check Details

Version: 0.2.3
Check: for non-standard things in the check directory
Result: NOTE
    Found the following files/directories:
     'test.csv' 'test1.csv' 'testsummary.csv' 'testsummary1.csv'
Flavors: r-devel-linux-x86_64-debian-clang, r-devel-linux-x86_64-debian-gcc, r-devel-linux-x86_64-fedora-clang, r-devel-linux-x86_64-fedora-gcc

Version: 0.2.3
Check: dependencies in R code
Result: NOTE
    Namespace in Imports field not imported from: ‘purrr’
     All declared Imports should be used.
Flavors: r-devel-linux-x86_64-fedora-clang, r-devel-linux-x86_64-fedora-gcc, r-patched-solaris-x86, r-release-osx-x86_64, r-oldrel-osx-x86_64