CRAN Package Check Results for Package moments

Last updated on 2020-01-27 00:48:08 CET.

Flavor Version Tinstall Tcheck Ttotal Status Flags
r-devel-linux-x86_64-debian-clang 0.14 2.27 20.35 22.62 NOTE
r-devel-linux-x86_64-debian-gcc 0.14 1.76 15.88 17.64 NOTE
r-devel-linux-x86_64-fedora-clang 0.14 28.52 NOTE
r-devel-linux-x86_64-fedora-gcc 0.14 27.27 NOTE
r-devel-windows-ix86+x86_64 0.14 10.00 43.00 53.00 NOTE
r-devel-windows-ix86+x86_64-gcc8 0.14 6.00 45.00 51.00 NOTE
r-patched-linux-x86_64 0.14 1.95 18.75 20.70 NOTE
r-patched-solaris-x86 0.14 44.30 NOTE
r-release-linux-x86_64 0.14 1.86 18.71 20.57 NOTE
r-release-windows-ix86+x86_64 0.14 5.00 39.00 44.00 NOTE
r-release-osx-x86_64 0.14 NOTE
r-oldrel-windows-ix86+x86_64 0.14 3.00 26.00 29.00 NOTE
r-oldrel-osx-x86_64 0.14 NOTE

Check Details

Version: 0.14
Check: R code for possible problems
Result: NOTE
    agostino.test: no visible global function definition for
     'complete.cases'
    agostino.test: no visible global function definition for 'pnorm'
    anscombe.test: no visible global function definition for
     'complete.cases'
    anscombe.test: no visible global function definition for 'pnorm'
    bonett.test: no visible global function definition for 'complete.cases'
    bonett.test: no visible global function definition for 'pnorm'
    jarque.test: no visible global function definition for 'pchisq'
    Undefined global functions or variables:
     complete.cases pchisq pnorm
    Consider adding
     importFrom("stats", "complete.cases", "pchisq", "pnorm")
    to your NAMESPACE file.
Flavors: r-devel-linux-x86_64-debian-clang, r-devel-linux-x86_64-debian-gcc, r-devel-linux-x86_64-fedora-clang, r-devel-linux-x86_64-fedora-gcc, r-devel-windows-ix86+x86_64, r-devel-windows-ix86+x86_64-gcc8, r-patched-linux-x86_64, r-patched-solaris-x86, r-release-linux-x86_64, r-release-windows-ix86+x86_64, r-release-osx-x86_64, r-oldrel-windows-ix86+x86_64, r-oldrel-osx-x86_64