CRAN Package Check Results for Package modeldata

Last updated on 2020-01-27 00:48:08 CET.

Flavor Version Tinstall Tcheck Ttotal Status Flags
r-devel-linux-x86_64-debian-clang 0.0.1 2.76 33.05 35.81 OK
r-devel-linux-x86_64-debian-gcc 0.0.1 2.12 27.59 29.71 OK
r-devel-linux-x86_64-fedora-clang 0.0.1 46.09 NOTE
r-devel-linux-x86_64-fedora-gcc 0.0.1 45.10 NOTE
r-devel-windows-ix86+x86_64 0.0.1 10.00 74.00 84.00 OK
r-devel-windows-ix86+x86_64-gcc8 0.0.1 6.00 77.00 83.00 OK
r-patched-linux-x86_64 0.0.1 2.17 31.32 33.49 OK
r-patched-solaris-x86 0.0.1 75.00 NOTE
r-release-linux-x86_64 0.0.1 2.22 31.58 33.80 OK
r-release-windows-ix86+x86_64 0.0.1 10.00 70.00 80.00 OK
r-release-osx-x86_64 0.0.1 NOTE
r-oldrel-windows-ix86+x86_64 0.0.1 4.00 36.00 40.00 OK
r-oldrel-osx-x86_64 0.0.1 NOTE

Check Details

Version: 0.0.1
Check: data for non-ASCII characters
Result: NOTE
     Note: found 12 marked UTF-8 strings
Flavors: r-devel-linux-x86_64-fedora-clang, r-devel-linux-x86_64-fedora-gcc, r-patched-solaris-x86, r-release-osx-x86_64, r-oldrel-osx-x86_64

Version: 0.0.1
Check: installed package size
Result: NOTE
     installed size is 5.4Mb
     sub-directories of 1Mb or more:
     data 5.3Mb
Flavor: r-patched-solaris-x86